-- --------------------------------------------------------
-- Server OS:                    Win64
-- HeidiSQL Version:             11.2.0.6213
-- --------------------------------------------------------


-- Dumping structure for table db_icsa.attachments
CREATE TABLE IF NOT EXISTS `attachments` (
  `id` bigint(20) unsigned NOT NULL AUTO_INCREMENT,
  `filename` varchar(225) COLLATE utf8mb4_unicode_ci DEFAULT NULL,
  `filename_crypted` text COLLATE utf8mb4_unicode_ci NOT NULL,
  `type` varchar(100) COLLATE utf8mb4_unicode_ci DEFAULT NULL,
  `extension` varchar(35) COLLATE utf8mb4_unicode_ci DEFAULT NULL,
  `flag` tinyint(4) NOT NULL DEFAULT 1 COMMENT '1: local; 2:url',
  `created_at` timestamp NULL DEFAULT NULL,
  `updated_at` timestamp NULL DEFAULT NULL,
  `deleted_at` timestamp NULL DEFAULT NULL,
  PRIMARY KEY (`id`)
) ENGINE=InnoDB AUTO_INCREMENT=15 DEFAULT CHARSET=utf8mb4 COLLATE=utf8mb4_unicode_ci;

-- Dumping data for table db_icsa.attachments: ~14 rows (approximately)
DELETE FROM `attachments`;
INSERT INTO `attachments` (`id`, `filename`, `filename_crypted`, `type`, `extension`, `flag`, `created_at`, `updated_at`, `deleted_at`) VALUES
	(1, 'icsa.png', 'image/entity/icsa.png', 'image/png', 'png', 1, '2021-12-16 15:53:25', '2021-12-16 15:53:25', NULL),
	(2, 'tes_cv.pdf', 'https://tracesync.com/assets/document/tes.pdf', 'application/pdf', 'pdf', 2, '2021-12-16 15:53:35', '2021-12-16 15:53:35', NULL),
	(3, 'payment_proof.png', 'https://www.standardbank.co.za/static_file/SBG/Assets/Img/HelpCentre/payments/transactionsDtls_sendPop_successMessage_720X1280.png', 'image/png', 'png', 2, '2021-12-16 15:53:35', '2021-12-16 15:53:35', NULL),
	(4, 'image/forum/1639646431user-1.jpeg', 'image/forum/1639646431user-1.jpeg', 'image/jpeg', 'jpeg', 1, '2021-12-16 16:20:31', '2021-12-16 16:20:31', NULL),
	(5, 'image/forum/1639646484user-1.jpeg', 'image/forum/1639646484user-1.jpeg', 'image/jpeg', 'jpeg', 1, '2021-12-16 16:21:24', '2021-12-16 16:21:24', NULL),
	(6, 'image/forum/1639646524user-1.jpeg', 'image/forum/1639646524user-1.jpeg', 'image/jpeg', 'jpeg', 1, '2021-12-16 16:22:04', '2021-12-16 16:22:04', NULL),
	(7, 'Screenshot__9_.png', 'image/forum/MjAyMS0xMi0xNiAxNjoyNzoxNFNjcmVlbnNob3RfXzlfLnBuZw==.png', 'image/png', 'png', 1, '2021-12-16 16:27:14', '2021-12-16 16:27:14', NULL),
	(8, '006266200_1619085156-confident-young-businesswoman-speaking-about-her-success-into-microphone-entrepreneurship-conference_274679-13889.jpg', 'image/users/MjAyMS0xMi0yNyAxMDowNzo1NjAwNjI2NjIwMF8xNjE5MDg1MTU2LWNvbmZpZGVudC15b3VuZy1idXNpbmVzc3dvbWFuLXNwZWFraW5nLWFib3V0LWhlci1zdWNjZXNzLWludG8tbWljcm9waG9uZS1lbnRyZXByZW5ldXJzaGlwLWNvbmZlcmVuY2VfMjc0Njc5LTEzODg5LmpwZw==.jpg', 'image/jpeg', 'jpg', 1, '2021-12-27 10:07:56', '2021-12-27 10:07:56', NULL),
	(9, 'INV_MR_2021120001.pdf', 'image/media/MjAyMS0xMi0yNyAxMTowNzowN0lOVl9NUl8yMDIxMTIwMDAxLnBkZg==.pdf', 'application/pdf', 'pdf', 1, '2021-12-27 11:07:07', '2021-12-27 11:07:07', NULL),
	(10, 'INV_MR_2021120001.pdf', 'document/library/MjAyMS0xMi0yNyAxMjowMjoxM0lOVl9NUl8yMDIxMTIwMDAxLnBkZg==.pdf', 'application/pdf', 'pdf', 1, '2021-12-27 12:02:13', '2021-12-27 12:02:13', NULL),
	(11, 'INV_MR_2021120001.pdf', 'document/library/MjAyMS0xMi0yNyAxMjowMjozMElOVl9NUl8yMDIxMTIwMDAxLnBkZg==.pdf', 'application/pdf', 'pdf', 1, '2021-12-27 12:02:30', '2021-12-27 12:02:30', NULL),
	(12, 'INV_MR_2021120001.pdf', 'document/library/MjAyMS0xMi0yNyAxMzoyMTowMUlOVl9NUl8yMDIxMTIwMDAxLnBkZg==.pdf', 'application/pdf', 'pdf', 1, '2021-12-27 13:21:01', '2021-12-27 13:21:01', NULL),
	(13, 'Screenshot__9_.png', 'image/news/MjAyMS0xMi0yOCAxMTozMjoxMlNjcmVlbnNob3RfXzlfLnBuZw==.png', 'image/png', 'png', 1, '2021-12-28 11:32:12', '2021-12-28 11:32:12', NULL),
	(14, 'Screenshot__9_.png', 'image/promotion/MjAyMS0xMi0yOCAxMTo0Mzo1NVNjcmVlbnNob3RfXzlfLnBuZw==.png', 'image/png', 'png', 1, '2021-12-28 11:43:55', '2021-12-28 11:43:55', NULL);

-- Dumping structure for table db_icsa.caraousels
CREATE TABLE IF NOT EXISTS `caraousels` (
  `id` bigint(20) unsigned NOT NULL AUTO_INCREMENT,
  `title` varchar(75) COLLATE utf8mb4_unicode_ci DEFAULT NULL,
  `image` bigint(20) DEFAULT NULL,
  `description` text COLLATE utf8mb4_unicode_ci DEFAULT NULL,
  `status` tinyint(4) NOT NULL DEFAULT 1 COMMENT '1:Active, 0:Non Active',
  `created_by` bigint(20) NOT NULL,
  `updated_by` bigint(20) DEFAULT NULL,
  `created_at` timestamp NULL DEFAULT NULL,
  `updated_at` timestamp NULL DEFAULT NULL,
  `deleted_at` timestamp NULL DEFAULT NULL,
  PRIMARY KEY (`id`)
) ENGINE=InnoDB DEFAULT CHARSET=utf8mb4 COLLATE=utf8mb4_unicode_ci;

-- Dumping data for table db_icsa.caraousels: ~0 rows (approximately)
DELETE FROM `caraousels`;

-- Dumping structure for table db_icsa.countries
CREATE TABLE IF NOT EXISTS `countries` (
  `id` int(11) NOT NULL AUTO_INCREMENT,
  `code` varchar(2) COLLATE utf8mb4_unicode_ci NOT NULL,
  `name` varchar(100) COLLATE utf8mb4_unicode_ci NOT NULL,
  PRIMARY KEY (`id`)
) ENGINE=InnoDB AUTO_INCREMENT=247 DEFAULT CHARSET=utf8mb4 COLLATE=utf8mb4_unicode_ci;

-- Dumping data for table db_icsa.countries: ~246 rows (approximately)
DELETE FROM `countries`;
INSERT INTO `countries` (`id`, `code`, `name`) VALUES
	(1, 'AF', 'Afghanistan'),
	(2, 'AL', 'Albania'),
	(3, 'DZ', 'Algeria'),
	(4, 'DS', 'American Samoa'),
	(5, 'AD', 'Andorra'),
	(6, 'AO', 'Angola'),
	(7, 'AI', 'Anguilla'),
	(8, 'AQ', 'Antarctica'),
	(9, 'AG', 'Antigua and Barbuda'),
	(10, 'AR', 'Argentina'),
	(11, 'AM', 'Armenia'),
	(12, 'AW', 'Aruba'),
	(13, 'AU', 'Australia'),
	(14, 'AT', 'Austria'),
	(15, 'AZ', 'Azerbaijan'),
	(16, 'BS', 'Bahamas'),
	(17, 'BH', 'Bahrain'),
	(18, 'BD', 'Bangladesh'),
	(19, 'BB', 'Barbados'),
	(20, 'BY', 'Belarus'),
	(21, 'BE', 'Belgium'),
	(22, 'BZ', 'Belize'),
	(23, 'BJ', 'Benin'),
	(24, 'BM', 'Bermuda'),
	(25, 'BT', 'Bhutan'),
	(26, 'BO', 'Bolivia'),
	(27, 'BA', 'Bosnia and Herzegovina'),
	(28, 'BW', 'Botswana'),
	(29, 'BV', 'Bouvet Island'),
	(30, 'BR', 'Brazil'),
	(31, 'IO', 'British Indian Ocean Territory'),
	(32, 'BN', 'Brunei Darussalam'),
	(33, 'BG', 'Bulgaria'),
	(34, 'BF', 'Burkina Faso'),
	(35, 'BI', 'Burundi'),
	(36, 'KH', 'Cambodia'),
	(37, 'CM', 'Cameroon'),
	(38, 'CA', 'Canada'),
	(39, 'CV', 'Cape Verde'),
	(40, 'KY', 'Cayman Islands'),
	(41, 'CF', 'Central African Republic'),
	(42, 'TD', 'Chad'),
	(43, 'CL', 'Chile'),
	(44, 'CN', 'China'),
	(45, 'CX', 'Christmas Island'),
	(46, 'CC', 'Cocos (Keeling) Islands'),
	(47, 'CO', 'Colombia'),
	(48, 'KM', 'Comoros'),
	(49, 'CD', 'Democratic Republic of the Congo'),
	(50, 'CG', 'Republic of Congo'),
	(51, 'CK', 'Cook Islands'),
	(52, 'CR', 'Costa Rica'),
	(53, 'HR', 'Croatia (Hrvatska)'),
	(54, 'CU', 'Cuba'),
	(55, 'CY', 'Cyprus'),
	(56, 'CZ', 'Czech Republic'),
	(57, 'DK', 'Denmark'),
	(58, 'DJ', 'Djibouti'),
	(59, 'DM', 'Dominica'),
	(60, 'DO', 'Dominican Republic'),
	(61, 'TP', 'East Timor'),
	(62, 'EC', 'Ecuador'),
	(63, 'EG', 'Egypt'),
	(64, 'SV', 'El Salvador'),
	(65, 'GQ', 'Equatorial Guinea'),
	(66, 'ER', 'Eritrea'),
	(67, 'EE', 'Estonia'),
	(68, 'ET', 'Ethiopia'),
	(69, 'FK', 'Falkland Islands (Malvinas)'),
	(70, 'FO', 'Faroe Islands'),
	(71, 'FJ', 'Fiji'),
	(72, 'FI', 'Finland'),
	(73, 'FR', 'France'),
	(74, 'FX', 'France, Metropolitan'),
	(75, 'GF', 'French Guiana'),
	(76, 'PF', 'French Polynesia'),
	(77, 'TF', 'French Southern Territories'),
	(78, 'GA', 'Gabon'),
	(79, 'GM', 'Gambia'),
	(80, 'GE', 'Georgia'),
	(81, 'DE', 'Germany'),
	(82, 'GH', 'Ghana'),
	(83, 'GI', 'Gibraltar'),
	(84, 'GK', 'Guernsey'),
	(85, 'GR', 'Greece'),
	(86, 'GL', 'Greenland'),
	(87, 'GD', 'Grenada'),
	(88, 'GP', 'Guadeloupe'),
	(89, 'GU', 'Guam'),
	(90, 'GT', 'Guatemala'),
	(91, 'GN', 'Guinea'),
	(92, 'GW', 'Guinea-Bissau'),
	(93, 'GY', 'Guyana'),
	(94, 'HT', 'Haiti'),
	(95, 'HM', 'Heard and Mc Donald Islands'),
	(96, 'HN', 'Honduras'),
	(97, 'HK', 'Hong Kong'),
	(98, 'HU', 'Hungary'),
	(99, 'IS', 'Iceland'),
	(100, 'IN', 'India'),
	(101, 'IM', 'Isle of Man'),
	(102, 'ID', 'Indonesia'),
	(103, 'IR', 'Iran (Islamic Republic of)'),
	(104, 'IQ', 'Iraq'),
	(105, 'IE', 'Ireland'),
	(106, 'IL', 'Israel'),
	(107, 'IT', 'Italy'),
	(108, 'CI', 'Ivory Coast'),
	(109, 'JE', 'Jersey'),
	(110, 'JM', 'Jamaica'),
	(111, 'JP', 'Japan'),
	(112, 'JO', 'Jordan'),
	(113, 'KZ', 'Kazakhstan'),
	(114, 'KE', 'Kenya'),
	(115, 'KI', 'Kiribati'),
	(116, 'KP', 'Korea, Democratic People\'s Republic of'),
	(117, 'KR', 'Korea, Republic of'),
	(118, 'XK', 'Kosovo'),
	(119, 'KW', 'Kuwait'),
	(120, 'KG', 'Kyrgyzstan'),
	(121, 'LA', 'Lao People\'s Democratic Republic'),
	(122, 'LV', 'Latvia'),
	(123, 'LB', 'Lebanon'),
	(124, 'LS', 'Lesotho'),
	(125, 'LR', 'Liberia'),
	(126, 'LY', 'Libyan Arab Jamahiriya'),
	(127, 'LI', 'Liechtenstein'),
	(128, 'LT', 'Lithuania'),
	(129, 'LU', 'Luxembourg'),
	(130, 'MO', 'Macau'),
	(131, 'MK', 'North Macedonia'),
	(132, 'MG', 'Madagascar'),
	(133, 'MW', 'Malawi'),
	(134, 'MY', 'Malaysia'),
	(135, 'MV', 'Maldives'),
	(136, 'ML', 'Mali'),
	(137, 'MT', 'Malta'),
	(138, 'MH', 'Marshall Islands'),
	(139, 'MQ', 'Martinique'),
	(140, 'MR', 'Mauritania'),
	(141, 'MU', 'Mauritius'),
	(142, 'TY', 'Mayotte'),
	(143, 'MX', 'Mexico'),
	(144, 'FM', 'Micronesia, Federated States of'),
	(145, 'MD', 'Moldova, Republic of'),
	(146, 'MC', 'Monaco'),
	(147, 'MN', 'Mongolia'),
	(148, 'ME', 'Montenegro'),
	(149, 'MS', 'Montserrat'),
	(150, 'MA', 'Morocco'),
	(151, 'MZ', 'Mozambique'),
	(152, 'MM', 'Myanmar'),
	(153, 'NA', 'Namibia'),
	(154, 'NR', 'Nauru'),
	(155, 'NP', 'Nepal'),
	(156, 'NL', 'Netherlands'),
	(157, 'AN', 'Netherlands Antilles'),
	(158, 'NC', 'New Caledonia'),
	(159, 'NZ', 'New Zealand'),
	(160, 'NI', 'Nicaragua'),
	(161, 'NE', 'Niger'),
	(162, 'NG', 'Nigeria'),
	(163, 'NU', 'Niue'),
	(164, 'NF', 'Norfolk Island'),
	(165, 'MP', 'Northern Mariana Islands'),
	(166, 'NO', 'Norway'),
	(167, 'OM', 'Oman'),
	(168, 'PK', 'Pakistan'),
	(169, 'PW', 'Palau'),
	(170, 'PS', 'Palestine'),
	(171, 'PA', 'Panama'),
	(172, 'PG', 'Papua New Guinea'),
	(173, 'PY', 'Paraguay'),
	(174, 'PE', 'Peru'),
	(175, 'PH', 'Philippines'),
	(176, 'PN', 'Pitcairn'),
	(177, 'PL', 'Poland'),
	(178, 'PT', 'Portugal'),
	(179, 'PR', 'Puerto Rico'),
	(180, 'QA', 'Qatar'),
	(181, 'RE', 'Reunion'),
	(182, 'RO', 'Romania'),
	(183, 'RU', 'Russian Federation'),
	(184, 'RW', 'Rwanda'),
	(185, 'KN', 'Saint Kitts and Nevis'),
	(186, 'LC', 'Saint Lucia'),
	(187, 'VC', 'Saint Vincent and the Grenadines'),
	(188, 'WS', 'Samoa'),
	(189, 'SM', 'San Marino'),
	(190, 'ST', 'Sao Tome and Principe'),
	(191, 'SA', 'Saudi Arabia'),
	(192, 'SN', 'Senegal'),
	(193, 'RS', 'Serbia'),
	(194, 'SC', 'Seychelles'),
	(195, 'SL', 'Sierra Leone'),
	(196, 'SG', 'Singapore'),
	(197, 'SK', 'Slovakia'),
	(198, 'SI', 'Slovenia'),
	(199, 'SB', 'Solomon Islands'),
	(200, 'SO', 'Somalia'),
	(201, 'ZA', 'South Africa'),
	(202, 'GS', 'South Georgia South Sandwich Islands'),
	(203, 'SS', 'South Sudan'),
	(204, 'ES', 'Spain'),
	(205, 'LK', 'Sri Lanka'),
	(206, 'SH', 'St. Helena'),
	(207, 'PM', 'St. Pierre and Miquelon'),
	(208, 'SD', 'Sudan'),
	(209, 'SR', 'Suriname'),
	(210, 'SJ', 'Svalbard and Jan Mayen Islands'),
	(211, 'SZ', 'Swaziland'),
	(212, 'SE', 'Sweden'),
	(213, 'CH', 'Switzerland'),
	(214, 'SY', 'Syrian Arab Republic'),
	(215, 'TW', 'Taiwan'),
	(216, 'TJ', 'Tajikistan'),
	(217, 'TZ', 'Tanzania, United Republic of'),
	(218, 'TH', 'Thailand'),
	(219, 'TG', 'Togo'),
	(220, 'TK', 'Tokelau'),
	(221, 'TO', 'Tonga'),
	(222, 'TT', 'Trinidad and Tobago'),
	(223, 'TN', 'Tunisia'),
	(224, 'TR', 'Turkey'),
	(225, 'TM', 'Turkmenistan'),
	(226, 'TC', 'Turks and Caicos Islands'),
	(227, 'TV', 'Tuvalu'),
	(228, 'UG', 'Uganda'),
	(229, 'UA', 'Ukraine'),
	(230, 'AE', 'United Arab Emirates'),
	(231, 'GB', 'United Kingdom'),
	(232, 'US', 'United States'),
	(233, 'UM', 'United States minor outlying islands'),
	(234, 'UY', 'Uruguay'),
	(235, 'UZ', 'Uzbekistan'),
	(236, 'VU', 'Vanuatu'),
	(237, 'VA', 'Vatican City State'),
	(238, 'VE', 'Venezuela'),
	(239, 'VN', 'Vietnam'),
	(240, 'VG', 'Virgin Islands (British)'),
	(241, 'VI', 'Virgin Islands (U.S.)'),
	(242, 'WF', 'Wallis and Futuna Islands'),
	(243, 'EH', 'Western Sahara'),
	(244, 'YE', 'Yemen'),
	(245, 'ZM', 'Zambia'),
	(246, 'ZW', 'Zimbabwe');

-- Dumping structure for table db_icsa.entities
CREATE TABLE IF NOT EXISTS `entities` (
  `id` bigint(20) unsigned NOT NULL AUTO_INCREMENT,
  `id_country` bigint(20) DEFAULT NULL,
  `name` varchar(11) COLLATE utf8mb4_unicode_ci NOT NULL,
  `number` varchar(11) COLLATE utf8mb4_unicode_ci NOT NULL,
  `phone` varchar(30) COLLATE utf8mb4_unicode_ci NOT NULL,
  `description` varchar(75) COLLATE utf8mb4_unicode_ci DEFAULT NULL,
  `address` text COLLATE utf8mb4_unicode_ci DEFAULT NULL,
  `zipcode` varchar(10) COLLATE utf8mb4_unicode_ci DEFAULT NULL,
  `logo` bigint(20) NOT NULL,
  `year_qualification` int(11) DEFAULT NULL,
  `bussiness_sector` bigint(20) DEFAULT NULL,
  `status` tinyint(4) NOT NULL DEFAULT 1 COMMENT '0:non active; 1: active;',
  `created_by` bigint(20) DEFAULT NULL,
  `updated_by` bigint(20) DEFAULT NULL,
  `created_at` timestamp NULL DEFAULT NULL,
  `updated_at` timestamp NULL DEFAULT NULL,
  `deleted_at` timestamp NULL DEFAULT NULL,
  PRIMARY KEY (`id`),
  UNIQUE KEY `entities_phone_unique` (`phone`)
) ENGINE=InnoDB AUTO_INCREMENT=2 DEFAULT CHARSET=utf8mb4 COLLATE=utf8mb4_unicode_ci;

-- Dumping data for table db_icsa.entities: ~1 rows (approximately)
DELETE FROM `entities`;
INSERT INTO `entities` (`id`, `id_country`, `name`, `number`, `phone`, `description`, `address`, `zipcode`, `logo`, `year_qualification`, `bussiness_sector`, `status`, `created_by`, `updated_by`, `created_at`, `updated_at`, `deleted_at`) VALUES
	(1, 102, 'ICSA', 'SKIRKEKEI@', '(+62) 988 8292 6186', 'Modi esse ipsa.', 'Dk. Pasirkoja No. 71, Kendari 35005, Kalsel', '18837', 1, NULL, NULL, 1, NULL, NULL, '2021-12-16 15:53:35', '2021-12-16 15:53:35', NULL);

-- Dumping structure for table db_icsa.failed_jobs
CREATE TABLE IF NOT EXISTS `failed_jobs` (
  `id` bigint(20) unsigned NOT NULL AUTO_INCREMENT,
  `uuid` varchar(255) COLLATE utf8mb4_unicode_ci NOT NULL,
  `connection` text COLLATE utf8mb4_unicode_ci NOT NULL,
  `queue` text COLLATE utf8mb4_unicode_ci NOT NULL,
  `payload` longtext COLLATE utf8mb4_unicode_ci NOT NULL,
  `exception` longtext COLLATE utf8mb4_unicode_ci NOT NULL,
  `failed_at` timestamp NOT NULL DEFAULT current_timestamp(),
  PRIMARY KEY (`id`),
  UNIQUE KEY `failed_jobs_uuid_unique` (`uuid`)
) ENGINE=InnoDB DEFAULT CHARSET=utf8mb4 COLLATE=utf8mb4_unicode_ci;

-- Dumping data for table db_icsa.failed_jobs: ~0 rows (approximately)
DELETE FROM `failed_jobs`;

-- Dumping structure for table db_icsa.forums
CREATE TABLE IF NOT EXISTS `forums` (
  `id` bigint(20) unsigned NOT NULL AUTO_INCREMENT,
  `category` bigint(20) NOT NULL,
  `title` varchar(75) COLLATE utf8mb4_unicode_ci DEFAULT NULL,
  `image` bigint(20) DEFAULT NULL,
  `description` text COLLATE utf8mb4_unicode_ci DEFAULT NULL,
  `images` text COLLATE utf8mb4_unicode_ci NOT NULL DEFAULT '[]',
  `documents` text COLLATE utf8mb4_unicode_ci NOT NULL DEFAULT '[]',
  `status` tinyint(4) NOT NULL DEFAULT 1 COMMENT '1:Active, 0:Non Active',
  `seen` int(11) NOT NULL DEFAULT 0,
  `count_replies` int(11) NOT NULL DEFAULT 0,
  `created_by` bigint(20) NOT NULL,
  `updated_by` bigint(20) DEFAULT NULL,
  `created_at` timestamp NULL DEFAULT NULL,
  `updated_at` timestamp NULL DEFAULT NULL,
  `deleted_at` timestamp NULL DEFAULT NULL,
  PRIMARY KEY (`id`)
) ENGINE=InnoDB AUTO_INCREMENT=2 DEFAULT CHARSET=utf8mb4 COLLATE=utf8mb4_unicode_ci;

-- Dumping data for table db_icsa.forums: ~1 rows (approximately)
DELETE FROM `forums`;
INSERT INTO `forums` (`id`, `category`, `title`, `image`, `description`, `images`, `documents`, `status`, `seen`, `count_replies`, `created_by`, `updated_by`, `created_at`, `updated_at`, `deleted_at`) VALUES
	(1, 40, ';adv;kdm ksd mlksdn sdkm.dsm', 7, '<p>klsfnsk sk skd sd msdkm sdm skldm</p>', '[]', '[]', 1, 9, 0, 1, 1, '2021-12-16 16:27:14', '2021-12-16 16:46:25', NULL);

-- Dumping structure for table db_icsa.forum_replies
CREATE TABLE IF NOT EXISTS `forum_replies` (
  `id` bigint(20) unsigned NOT NULL AUTO_INCREMENT,
  `id_forum` bigint(20) NOT NULL,
  `reply_to` bigint(20) DEFAULT NULL,
  `message` text COLLATE utf8mb4_unicode_ci DEFAULT NULL,
  `images` text COLLATE utf8mb4_unicode_ci NOT NULL DEFAULT '[]',
  `documents` text COLLATE utf8mb4_unicode_ci NOT NULL DEFAULT '[]',
  `status` tinyint(4) NOT NULL DEFAULT 1 COMMENT '1:Active, 0:Non Active',
  `created_by` bigint(20) NOT NULL,
  `updated_by` bigint(20) DEFAULT NULL,
  `created_at` timestamp NULL DEFAULT NULL,
  `updated_at` timestamp NULL DEFAULT NULL,
  `deleted_at` timestamp NULL DEFAULT NULL,
  PRIMARY KEY (`id`)
) ENGINE=InnoDB AUTO_INCREMENT=4 DEFAULT CHARSET=utf8mb4 COLLATE=utf8mb4_unicode_ci;

-- Dumping data for table db_icsa.forum_replies: ~3 rows (approximately)
DELETE FROM `forum_replies`;
INSERT INTO `forum_replies` (`id`, `id_forum`, `reply_to`, `message`, `images`, `documents`, `status`, `created_by`, `updated_by`, `created_at`, `updated_at`, `deleted_at`) VALUES
	(1, 1, NULL, 'tes msdlk', '[]', '[]', 1, 1, NULL, '2021-12-16 16:16:12', '2021-12-16 16:16:12', NULL),
	(2, 1, NULL, 'tes msdlk image', '[5]', '[]', 1, 1, NULL, '2021-12-16 16:21:24', '2021-12-16 16:21:24', NULL),
	(3, 1, 2, 'tes msdlk image', '[6]', '[]', 1, 1, NULL, '2021-12-16 16:22:04', '2021-12-16 16:22:04', NULL);

-- Dumping structure for table db_icsa.forum_reports
CREATE TABLE IF NOT EXISTS `forum_reports` (
  `id` bigint(20) unsigned NOT NULL AUTO_INCREMENT,
  `id_reply` bigint(20) NOT NULL,
  `category` bigint(20) NOT NULL,
  `message` text COLLATE utf8mb4_unicode_ci DEFAULT NULL,
  `status` tinyint(4) NOT NULL DEFAULT 1 COMMENT '1:Active, 0:Non Active',
  `created_by` bigint(20) NOT NULL,
  `updated_by` bigint(20) DEFAULT NULL,
  `read_at` timestamp NULL DEFAULT NULL,
  `created_at` timestamp NULL DEFAULT NULL,
  `updated_at` timestamp NULL DEFAULT NULL,
  `deleted_at` timestamp NULL DEFAULT NULL,
  PRIMARY KEY (`id`)
) ENGINE=InnoDB DEFAULT CHARSET=utf8mb4 COLLATE=utf8mb4_unicode_ci;

-- Dumping data for table db_icsa.forum_reports: ~0 rows (approximately)
DELETE FROM `forum_reports`;

-- Dumping structure for table db_icsa.items
CREATE TABLE IF NOT EXISTS `items` (
  `id` bigint(20) unsigned NOT NULL AUTO_INCREMENT,
  `id_entity` bigint(20) DEFAULT NULL,
  `title` varchar(75) COLLATE utf8mb4_unicode_ci NOT NULL,
  `description` text COLLATE utf8mb4_unicode_ci DEFAULT NULL,
  `image` bigint(20) DEFAULT NULL,
  `start_date` timestamp NULL DEFAULT NULL,
  `end_date` timestamp NULL DEFAULT NULL,
  `start_time` time DEFAULT NULL,
  `end_time` time DEFAULT NULL,
  `narasumber` text COLLATE utf8mb4_unicode_ci DEFAULT NULL COMMENT 'json list id user',
  `flag` tinyint(4) NOT NULL COMMENT '1: Training; 2:Event',
  `pinned` tinyint(4) NOT NULL DEFAULT 0 COMMENT '0:unPin; 1:pin',
  `privacy` tinyint(4) NOT NULL DEFAULT 0 COMMENT '0:All; 1: Member;',
  `status` tinyint(4) NOT NULL DEFAULT 1 COMMENT '0:non active; 1: active;',
  `created_by` bigint(20) DEFAULT NULL,
  `updated_by` bigint(20) DEFAULT NULL,
  `created_at` timestamp NULL DEFAULT NULL,
  `updated_at` timestamp NULL DEFAULT NULL,
  `deleted_at` timestamp NULL DEFAULT NULL,
  PRIMARY KEY (`id`)
) ENGINE=InnoDB AUTO_INCREMENT=51 DEFAULT CHARSET=utf8mb4 COLLATE=utf8mb4_unicode_ci;

-- Dumping data for table db_icsa.items: ~50 rows (approximately)
DELETE FROM `items`;
INSERT INTO `items` (`id`, `id_entity`, `title`, `description`, `image`, `start_date`, `end_date`, `start_time`, `end_time`, `narasumber`, `flag`, `pinned`, `privacy`, `status`, `created_by`, `updated_by`, `created_at`, `updated_at`, `deleted_at`) VALUES
	(1, 1, 'Neque ex.', 'Ut qui mollitia eaque sit unde. Consequuntur laborum sit sed eius quam. Minus natus et qui similique modi.', NULL, '2018-01-26 00:06:56', '1999-10-07 07:12:14', NULL, NULL, NULL, 1, 0, 0, 1, NULL, NULL, '2021-12-16 15:53:29', '2021-12-16 15:53:29', NULL),
	(2, 1, 'Cupiditate sit qui.', 'Voluptas doloremque dolorum non qui quia. Voluptas corporis autem pariatur consequatur. At dolores id quos quam. Ut et rerum doloribus qui nihil ullam.', NULL, '2003-06-12 01:54:53', '2005-09-01 05:55:32', NULL, NULL, NULL, 2, 0, 0, 0, NULL, NULL, '2021-12-16 15:53:29', '2021-12-16 15:53:29', NULL),
	(3, 1, 'Alias adipisci earum sint temporibus.', 'Non rerum maiores architecto minima natus. Alias magnam quia explicabo earum laudantium. Recusandae omnis non consequatur maiores.', NULL, '1988-03-01 14:56:59', '1983-03-07 15:07:21', NULL, NULL, NULL, 1, 0, 0, 0, NULL, NULL, '2021-12-16 15:53:30', '2021-12-16 15:53:30', NULL),
	(4, 1, 'Autem dolore et.', 'Magni distinctio porro rerum et quo omnis quaerat et. Repellendus qui mollitia doloribus voluptas. Quo consequuntur nostrum a sed aut.', NULL, '1994-03-12 04:22:50', '2004-10-28 15:54:24', NULL, NULL, NULL, 1, 0, 0, 0, NULL, NULL, '2021-12-16 15:53:30', '2021-12-16 15:53:30', NULL),
	(5, 1, 'Perferendis laboriosam ullam earum recusandae.', 'Aut optio quis cum adipisci aut. Aliquam tenetur provident corrupti quas nam. Alias pariatur laudantium culpa perferendis esse.', NULL, '1987-12-01 17:29:28', '2011-10-21 05:37:34', NULL, NULL, NULL, 1, 0, 0, 1, NULL, NULL, '2021-12-16 15:53:30', '2021-12-16 15:53:30', NULL),
	(6, 1, 'Veniam culpa.', 'Quaerat quia qui nulla fugit praesentium occaecati qui. Eum perferendis omnis esse recusandae consequatur quis. Animi qui et iste nihil suscipit. Repudiandae quaerat dolor odit. Ut eligendi voluptatem porro officiis et debitis. Quisquam rerum doloribus ea rem expedita dolorem.', NULL, '2015-07-03 19:44:03', '2007-09-21 06:48:18', NULL, NULL, NULL, 2, 0, 0, 1, NULL, NULL, '2021-12-16 15:53:30', '2021-12-16 15:53:30', NULL),
	(7, 1, 'Impedit veritatis quidem qui blanditiis et.', 'Culpa exercitationem ipsam et reiciendis vero labore. Quibusdam aut porro et ducimus vitae excepturi. Ipsum ut accusantium velit fugit. Eos libero eligendi dolores nam nam. Similique ut eum aspernatur eligendi ab non.', NULL, '2005-09-13 18:58:13', '2005-11-15 04:12:13', NULL, NULL, NULL, 2, 0, 0, 1, NULL, NULL, '2021-12-16 15:53:30', '2021-12-16 15:53:30', NULL),
	(8, 1, 'Nisi accusantium sint nam ipsa nihil.', 'Corporis doloribus et vero facere nihil. Veniam nihil non accusantium est impedit placeat. Vitae qui nulla consectetur voluptas et.', NULL, '1997-11-16 20:31:19', '1979-03-30 19:12:19', NULL, NULL, NULL, 1, 0, 0, 1, NULL, NULL, '2021-12-16 15:53:30', '2021-12-16 15:53:30', NULL),
	(9, 1, 'Nesciunt saepe doloremque.', 'Distinctio deleniti non facere sit omnis quibusdam. Sunt veniam atque nobis non in corrupti. Minima alias dignissimos non alias recusandae.', NULL, '2001-01-19 16:35:06', '1982-09-13 13:09:10', NULL, NULL, NULL, 2, 0, 0, 1, NULL, NULL, '2021-12-16 15:53:30', '2021-12-16 15:53:30', NULL),
	(10, 1, 'Sed adipisci accusamus.', 'Nostrum repudiandae tenetur quo autem voluptates accusantium. Et ducimus sint asperiores facere aut voluptatem. Dolor hic aut ipsum quae quas fugit.', NULL, '2003-07-02 18:29:05', '1999-02-13 18:14:23', NULL, NULL, NULL, 2, 0, 0, 1, NULL, NULL, '2021-12-16 15:53:31', '2021-12-16 15:53:31', NULL),
	(11, 1, 'Quidem qui qui incidunt.', 'Quo facere illo qui voluptatum. Natus quae esse sequi et. Expedita sunt ipsa ut suscipit.', NULL, '1980-10-18 15:28:37', '2006-07-28 10:16:42', NULL, NULL, NULL, 1, 0, 0, 1, NULL, NULL, '2021-12-16 15:53:31', '2021-12-16 15:53:31', NULL),
	(12, 1, 'Necessitatibus cumque velit.', 'Et rem autem reprehenderit amet. Ex dolorem aut voluptatem quibusdam aut quas recusandae. Numquam ut facere mollitia dolor doloremque qui odio sit.', NULL, '2017-11-14 13:33:11', '1972-05-03 11:06:39', NULL, NULL, NULL, 1, 0, 0, 1, NULL, NULL, '2021-12-16 15:53:31', '2021-12-16 15:53:31', NULL),
	(13, 1, 'Voluptatem porro fugiat voluptas optio.', 'Culpa nobis labore perferendis quaerat aperiam provident ullam. Amet ad nostrum provident doloribus quisquam explicabo ea. Asperiores modi inventore aut. Modi voluptates ut et sed.', NULL, '1999-04-19 21:32:58', '1994-02-21 22:19:03', NULL, NULL, NULL, 2, 0, 0, 0, NULL, NULL, '2021-12-16 15:53:31', '2021-12-16 15:53:31', NULL),
	(14, 1, 'Molestias velit quia nobis odit eos dignissimos fugiat.', 'Tempore dignissimos fugiat quasi porro omnis beatae beatae. Ipsam enim et inventore reprehenderit ipsam molestias.', NULL, '1996-03-13 01:42:12', '1981-07-06 03:38:57', NULL, NULL, NULL, 1, 0, 0, 0, NULL, NULL, '2021-12-16 15:53:31', '2021-12-16 15:53:31', NULL),
	(15, 1, 'In qui rerum quasi.', 'Aut doloribus aut qui asperiores. Numquam temporibus quia nihil quia non distinctio.', NULL, '2007-06-11 13:25:27', '1979-02-26 08:24:24', NULL, NULL, NULL, 2, 0, 0, 0, NULL, NULL, '2021-12-16 15:53:31', '2021-12-16 15:53:31', NULL),
	(16, 1, 'Corrupti eos omnis cumque.', 'Ipsam voluptatem totam distinctio et voluptas. Quis nulla vero quis quis quo. Non accusantium neque natus ut aut architecto sit.', NULL, '2015-04-03 07:30:48', '2001-08-13 15:10:06', NULL, NULL, NULL, 1, 0, 0, 1, NULL, NULL, '2021-12-16 15:53:31', '2021-12-16 15:53:31', NULL),
	(17, 1, 'Eum at enim omnis.', 'Eum sit dolorem repellat quos. Mollitia in aut voluptatem quod. Officiis ipsa expedita voluptatem cum. Non dolorem cupiditate praesentium cumque quos occaecati ipsum.', NULL, '1971-10-13 21:32:57', '1990-11-18 09:25:49', NULL, NULL, NULL, 1, 0, 0, 1, NULL, NULL, '2021-12-16 15:53:32', '2021-12-16 15:53:32', NULL),
	(18, 1, 'Eaque enim quia excepturi dolor.', 'Iusto saepe non tempora mollitia quibusdam et. Et quis ut tenetur saepe. Quis et doloribus et dolores quo. Perferendis ad quia voluptatem error. Et est et perspiciatis ut assumenda et.', NULL, '2011-06-06 23:17:06', '1980-03-19 06:39:45', NULL, NULL, NULL, 2, 0, 0, 0, NULL, NULL, '2021-12-16 15:53:32', '2021-12-16 15:53:32', NULL),
	(19, 1, 'Id fuga.', 'Minima qui ducimus fuga occaecati nostrum ut. Perspiciatis a inventore eum alias harum voluptatem asperiores. Eum dolorem a aut nisi.', NULL, '1983-04-18 18:53:50', '1976-11-28 00:55:33', NULL, NULL, NULL, 1, 0, 0, 0, NULL, NULL, '2021-12-16 15:53:32', '2021-12-16 15:53:32', NULL),
	(20, 1, 'Eligendi maiores non harum consectetur.', 'Id dolorum dolorem ratione. Facere amet veniam ab est eius accusamus. Asperiores totam et nulla molestiae. Repellendus dicta aut et.', NULL, '1996-04-20 01:16:43', '1993-11-18 00:17:27', NULL, NULL, NULL, 2, 0, 0, 1, NULL, NULL, '2021-12-16 15:53:32', '2021-12-16 15:53:32', NULL),
	(21, 1, 'Doloribus quia est aut.', 'Impedit perferendis dolores mollitia laudantium animi. Dolore quaerat quibusdam saepe eligendi. Quaerat facere quibusdam omnis sit.', NULL, '1971-08-03 00:20:49', '2010-05-05 11:23:17', NULL, NULL, NULL, 1, 0, 0, 1, NULL, NULL, '2021-12-16 15:53:32', '2021-12-16 15:53:32', NULL),
	(22, 1, 'Hic ipsam rerum.', 'Omnis repellat ut ut sed rerum maxime et. Amet consequuntur accusamus quo tempore aliquam in. Consequuntur ut nam amet sit iure veniam.', NULL, '1994-07-31 13:04:00', '1978-07-25 17:30:28', NULL, NULL, NULL, 1, 0, 0, 1, NULL, NULL, '2021-12-16 15:53:32', '2021-12-16 15:53:32', NULL),
	(23, 1, 'Molestiae voluptatum quia veniam suscipit facere.', 'Omnis qui fugit iste. Culpa quia consequatur est laudantium eos. Est voluptatem quaerat quia odio odit dicta quia.', NULL, '1994-12-25 03:04:32', '2004-03-26 00:47:35', NULL, NULL, NULL, 1, 0, 0, 1, NULL, NULL, '2021-12-16 15:53:32', '2021-12-16 15:53:32', NULL),
	(24, 1, 'Alias fugiat culpa rerum maiores officiis laudantium.', 'Non id quod dolores. Minima consequuntur sed excepturi maxime. Amet assumenda esse laborum quaerat consequatur.', NULL, '1979-07-22 21:43:38', '1985-02-07 20:07:55', NULL, NULL, NULL, 1, 0, 0, 0, NULL, NULL, '2021-12-16 15:53:33', '2021-12-16 15:53:33', NULL),
	(25, 1, 'Voluptas qui sed ad.', 'Ut voluptate ea quos voluptatem hic. Vel explicabo suscipit et minus reprehenderit ut. Et tempora quia saepe dolorem amet rerum. Dignissimos neque dignissimos ratione eaque. Qui et a rerum ut omnis nemo. Modi nesciunt quia repellendus veritatis ut libero et ipsa.', NULL, '1995-11-17 03:19:29', '1981-04-05 15:57:02', NULL, NULL, NULL, 1, 0, 0, 0, NULL, NULL, '2021-12-16 15:53:33', '2021-12-16 15:53:33', NULL),
	(26, 1, 'Ut exercitationem pariatur eum aut necessitatibus officia.', 'Quis necessitatibus occaecati suscipit animi dicta dolorum. Occaecati est dignissimos reprehenderit molestiae et omnis exercitationem dolores. Omnis saepe odit beatae voluptatem perferendis. Dolor saepe minima nesciunt molestias itaque temporibus. Odit dignissimos et error.', NULL, '2015-02-14 10:53:26', '1971-09-08 22:21:46', NULL, NULL, NULL, 1, 0, 0, 0, NULL, NULL, '2021-12-16 15:53:33', '2021-12-16 15:53:33', NULL),
	(27, 1, 'Iste consequatur aperiam.', 'Blanditiis ut harum nulla sunt necessitatibus. Deserunt voluptas quam dolor officiis repudiandae qui. Velit tempore dolorem facilis minus.', NULL, '2004-03-10 01:04:03', '2013-02-28 12:24:09', NULL, NULL, NULL, 1, 0, 0, 1, NULL, NULL, '2021-12-16 15:53:33', '2021-12-16 15:53:33', NULL),
	(28, 1, 'Mollitia est ut.', 'Debitis quia at labore sit ratione consequatur. Velit et consequatur consequatur est laudantium. Saepe a voluptatum unde quibusdam voluptatum quis ab.', NULL, '2011-01-30 00:17:19', '2003-02-21 11:21:09', NULL, NULL, NULL, 2, 0, 0, 0, NULL, NULL, '2021-12-16 15:53:33', '2021-12-16 15:53:33', NULL),
	(29, 1, 'Sunt culpa.', 'Cumque vitae voluptas vel labore assumenda eos. Suscipit saepe quae cum voluptas est. Illo quis ut recusandae vero. Sint et voluptatem deleniti et sit autem distinctio. Exercitationem sed quo sunt rem eaque neque.', NULL, '1976-07-05 11:22:40', '1990-08-09 22:14:30', NULL, NULL, NULL, 1, 0, 0, 1, NULL, NULL, '2021-12-16 15:53:33', '2021-12-16 15:53:33', NULL),
	(30, 1, 'Laborum rem deleniti non ut sint.', 'Ut voluptatum quas nulla quaerat. Harum impedit modi fugit. Quos voluptatem sequi hic et quos totam maxime. Aut alias et illo rerum ad. Odio ut est cumque aut voluptate qui.', NULL, '1998-11-24 01:36:46', '1990-05-15 14:31:24', NULL, NULL, NULL, 1, 0, 0, 1, NULL, NULL, '2021-12-16 15:53:33', '2021-12-16 15:53:33', NULL),
	(31, 1, 'Eveniet consequatur inventore et quis.', 'Voluptates minus veniam voluptatem animi doloremque qui ut. At animi ad rerum deleniti sapiente laborum. Modi maiores pariatur consequatur distinctio repudiandae.', NULL, '2017-08-11 02:56:18', '1976-05-10 06:07:09', NULL, NULL, NULL, 2, 0, 0, 1, NULL, NULL, '2021-12-16 15:53:33', '2021-12-16 15:53:33', NULL),
	(32, 1, 'Accusantium omnis quis repellat.', 'Nihil aliquam dolores eum aut dicta ab ipsa ducimus. A impedit harum voluptatem esse mollitia ut dolores. Voluptatem possimus accusamus reiciendis ipsa velit est dolor ut.', NULL, '1975-12-28 12:58:38', '1985-03-18 18:47:02', NULL, NULL, NULL, 1, 0, 0, 1, NULL, NULL, '2021-12-16 15:53:33', '2021-12-16 15:53:33', NULL),
	(33, 1, 'Exercitationem ut.', 'Voluptatibus rerum exercitationem officia sed ut. Dolores sed vero accusamus animi voluptatum. Saepe voluptatibus eum qui.', NULL, '2006-09-14 15:27:28', '1984-04-05 08:23:06', NULL, NULL, NULL, 2, 0, 0, 1, NULL, NULL, '2021-12-16 15:53:33', '2021-12-16 15:53:33', NULL),
	(34, 1, 'Magni fugit doloremque id.', 'Porro velit hic rerum rerum adipisci esse vitae vitae. Dolorum molestiae numquam omnis. Doloremque non nisi qui ut nemo. Harum vel dolorem quam labore non provident facere.', NULL, '1983-02-06 16:24:02', '2005-09-11 06:30:49', NULL, NULL, NULL, 1, 0, 0, 0, NULL, NULL, '2021-12-16 15:53:34', '2021-12-16 15:53:34', NULL),
	(35, 1, 'Ratione rerum ea et.', 'Et laboriosam nihil ab eveniet est explicabo. Accusamus voluptate dolor in voluptas dolor. Eos laudantium voluptates et consectetur.', NULL, '1993-02-24 12:05:18', '1998-03-08 12:40:38', NULL, NULL, NULL, 1, 0, 0, 0, NULL, NULL, '2021-12-16 15:53:34', '2021-12-16 15:53:34', NULL),
	(36, 1, 'Eaque sed odio quod ut.', 'Enim odit natus animi repudiandae. Officiis odio tempore omnis qui ut molestias. Occaecati quasi voluptas delectus ratione est ea. Neque et esse consequatur omnis in quo accusantium quibusdam. Ipsa magnam eum fugit voluptatibus eum aut.', NULL, '2012-06-02 06:22:49', '1990-11-15 07:29:40', NULL, NULL, NULL, 2, 0, 0, 0, NULL, NULL, '2021-12-16 15:53:34', '2021-12-16 15:53:34', NULL),
	(37, 1, 'Aliquid consequatur ab.', 'Enim aspernatur voluptas odio impedit occaecati. Iste nulla qui nulla sit blanditiis consequatur.', NULL, '1972-09-23 17:37:13', '2014-07-25 19:01:09', NULL, NULL, NULL, 2, 0, 0, 1, NULL, NULL, '2021-12-16 15:53:34', '2021-12-16 15:53:34', NULL),
	(38, 1, 'Ratione qui dolorem aut.', 'Repellendus odio animi sit nam nobis. At dolorem dignissimos alias molestias autem vel sint. Minus molestiae saepe assumenda eum eum.', NULL, '1996-02-16 03:44:07', '1980-03-05 19:49:54', NULL, NULL, NULL, 1, 0, 0, 1, NULL, NULL, '2021-12-16 15:53:34', '2021-12-16 15:53:34', NULL),
	(39, 1, 'Commodi non pariatur aspernatur.', 'Repudiandae debitis amet praesentium fuga sit. Excepturi autem ut blanditiis atque eos.', NULL, '1995-06-09 04:02:11', '1998-05-19 22:50:59', NULL, NULL, NULL, 2, 0, 0, 0, NULL, NULL, '2021-12-16 15:53:34', '2021-12-16 15:53:34', NULL),
	(40, 1, 'Magnam dolorum quam qui enim et similique doloremque.', 'Quam id reprehenderit autem quis iusto. Et velit odit molestias cupiditate earum nemo. Autem maxime fugit eveniet dolore magni ex.', NULL, '1976-04-16 16:25:21', '1996-03-17 14:32:42', NULL, NULL, NULL, 1, 0, 0, 0, NULL, NULL, '2021-12-16 15:53:34', '2021-12-16 15:53:34', NULL),
	(41, 1, 'Temporibus amet natus fugiat rerum nihil quas.', 'Quam corporis aliquam alias nihil aut earum optio. Enim id pariatur est. Iusto beatae est aut unde quia illum voluptatem.', NULL, '2000-09-04 07:58:56', '2014-12-28 06:06:56', NULL, NULL, NULL, 2, 0, 0, 0, NULL, NULL, '2021-12-16 15:53:34', '2021-12-16 15:53:34', NULL),
	(42, 1, 'Est non deserunt qui id.', 'Doloribus suscipit eligendi molestias dolor laudantium. Distinctio aut distinctio eligendi impedit non facere. Sit omnis quia odio quo itaque nesciunt rerum.', NULL, '1976-01-13 02:04:21', '1972-08-19 13:33:25', NULL, NULL, NULL, 2, 0, 0, 0, NULL, NULL, '2021-12-16 15:53:34', '2021-12-16 15:53:34', NULL),
	(43, 1, 'Nam et consequatur.', 'Qui nemo qui impedit rerum. Eveniet quos velit voluptate facilis dolorem quibusdam. Beatae pariatur neque ipsa facere molestias vel. Ut quo facere dolorem ab quia.', NULL, '2005-05-28 05:58:13', '2021-06-18 04:24:29', NULL, NULL, NULL, 1, 0, 0, 0, NULL, NULL, '2021-12-16 15:53:34', '2021-12-16 15:53:34', NULL),
	(44, 1, 'Qui et excepturi.', 'Cupiditate dicta magni laudantium. Aut culpa eos sit officia qui quisquam facere libero. Reiciendis est eveniet voluptas aut quidem. Eligendi voluptate voluptas voluptas fugit sunt ducimus quibusdam.', NULL, '2007-08-11 21:02:26', '1992-07-16 09:10:54', NULL, NULL, NULL, 2, 0, 0, 0, NULL, NULL, '2021-12-16 15:53:35', '2021-12-16 15:53:35', NULL),
	(45, 1, 'Fugiat facere laudantium.', 'Dolorum quia aperiam assumenda enim vero vel expedita. Consequatur quasi deserunt dicta ab sunt error.', NULL, '2018-03-12 23:56:17', '2003-12-09 12:34:00', NULL, NULL, NULL, 2, 0, 0, 0, NULL, NULL, '2021-12-16 15:53:35', '2021-12-16 15:53:35', NULL),
	(46, 1, 'Ipsum minus ut vel.', 'Sit cumque reprehenderit eaque officia quod soluta ut. Ex cum nisi eos ad voluptatem modi. Debitis soluta qui ipsum fuga omnis perferendis.', NULL, '1974-11-12 16:53:52', '2020-01-21 11:57:58', NULL, NULL, NULL, 1, 0, 0, 0, NULL, NULL, '2021-12-16 15:53:35', '2021-12-16 15:53:35', NULL),
	(47, 1, 'Et quae sed.', 'Provident quia occaecati similique officia. Vel ut repudiandae suscipit sint in earum distinctio. Quis sequi aliquam officia non molestiae culpa. Eligendi blanditiis id placeat dolores sunt autem. Quae earum fugit dolores placeat temporibus.', NULL, '1981-12-12 01:02:32', '1982-05-01 10:05:30', NULL, NULL, NULL, 2, 0, 0, 1, NULL, NULL, '2021-12-16 15:53:35', '2021-12-16 15:53:35', NULL),
	(48, 1, 'Voluptate consectetur quibusdam.', 'Voluptas consequatur quas omnis eligendi aut dignissimos. Et exercitationem minus sunt et consequatur quisquam. Totam sit quibusdam esse libero incidunt.', NULL, '1997-09-26 19:33:05', '1972-09-24 15:54:57', NULL, NULL, NULL, 2, 0, 0, 1, NULL, NULL, '2021-12-16 15:53:35', '2021-12-16 15:53:35', NULL),
	(49, 1, 'Eaque autem omnis.', 'Et ea dignissimos ad qui. Fugit voluptas aut officia quo nihil ad. Quasi architecto optio dolorem placeat quidem ut animi.', NULL, '2016-12-27 19:31:17', '2017-12-30 20:05:36', NULL, NULL, NULL, 2, 0, 0, 0, NULL, NULL, '2021-12-16 15:53:35', '2021-12-16 15:53:35', NULL),
	(50, 1, 'Eaque et.', 'Quos minima ratione praesentium aliquid sint. Qui quasi cupiditate molestiae et harum eum. Et officiis nostrum ea eligendi architecto repudiandae dolore.', NULL, '2002-09-21 22:11:40', '2019-12-31 03:01:28', NULL, NULL, NULL, 1, 0, 0, 0, NULL, NULL, '2021-12-16 15:53:35', '2021-12-16 15:53:35', NULL);

-- Dumping structure for table db_icsa.logs
CREATE TABLE IF NOT EXISTS `logs` (
  `id` bigint(20) unsigned NOT NULL AUTO_INCREMENT,
  `id_table` bigint(20) NOT NULL,
  `descr` varchar(125) COLLATE utf8mb4_unicode_ci NOT NULL,
  `created_by` bigint(20) DEFAULT NULL,
  `created_at` timestamp NULL DEFAULT NULL,
  `updated_at` timestamp NULL DEFAULT NULL,
  `deleted_at` timestamp NULL DEFAULT NULL,
  PRIMARY KEY (`id`)
) ENGINE=InnoDB AUTO_INCREMENT=82 DEFAULT CHARSET=utf8mb4 COLLATE=utf8mb4_unicode_ci;

-- Dumping data for table db_icsa.logs: ~81 rows (approximately)
DELETE FROM `logs`;
INSERT INTO `logs` (`id`, `id_table`, `descr`, `created_by`, `created_at`, `updated_at`, `deleted_at`) VALUES
	(1, 1, 'Tambah data pengguna 1', NULL, '2021-12-16 15:53:25', '2021-12-16 15:53:25', NULL),
	(2, 2, 'Tambah data pengguna 2', NULL, '2021-12-16 15:53:26', '2021-12-16 15:53:26', NULL),
	(3, 3, 'Tambah data pengguna 3', NULL, '2021-12-16 15:53:26', '2021-12-16 15:53:26', NULL),
	(4, 4, 'Tambah data pengguna 4', NULL, '2021-12-16 15:53:26', '2021-12-16 15:53:26', NULL),
	(5, 5, 'Tambah data pengguna 5', NULL, '2021-12-16 15:53:27', '2021-12-16 15:53:27', NULL),
	(6, 6, 'Tambah data pengguna 6', NULL, '2021-12-16 15:53:27', '2021-12-16 15:53:27', NULL),
	(7, 7, 'Tambah data pengguna 7', NULL, '2021-12-16 15:53:27', '2021-12-16 15:53:27', NULL),
	(8, 8, 'Tambah data pengguna 8', NULL, '2021-12-16 15:53:27', '2021-12-16 15:53:27', NULL),
	(9, 9, 'Tambah data pengguna 9', NULL, '2021-12-16 15:53:27', '2021-12-16 15:53:27', NULL),
	(10, 10, 'Tambah data pengguna 10', NULL, '2021-12-16 15:53:27', '2021-12-16 15:53:27', NULL),
	(11, 11, 'Tambah data pengguna 11', NULL, '2021-12-16 15:53:27', '2021-12-16 15:53:27', NULL),
	(12, 12, 'Tambah data pengguna 12', NULL, '2021-12-16 15:53:27', '2021-12-16 15:53:27', NULL),
	(13, 13, 'Tambah data pengguna 13', NULL, '2021-12-16 15:53:27', '2021-12-16 15:53:27', NULL),
	(14, 14, 'Tambah data pengguna 14', NULL, '2021-12-16 15:53:27', '2021-12-16 15:53:27', NULL),
	(15, 15, 'Tambah data pengguna 15', NULL, '2021-12-16 15:53:27', '2021-12-16 15:53:27', NULL),
	(16, 16, 'Tambah data pengguna 16', NULL, '2021-12-16 15:53:28', '2021-12-16 15:53:28', NULL),
	(17, 17, 'Tambah data pengguna 17', NULL, '2021-12-16 15:53:28', '2021-12-16 15:53:28', NULL),
	(18, 18, 'Tambah data pengguna 18', NULL, '2021-12-16 15:53:28', '2021-12-16 15:53:28', NULL),
	(19, 19, 'Tambah data pengguna 19', NULL, '2021-12-16 15:53:28', '2021-12-16 15:53:28', NULL),
	(20, 20, 'Tambah data pengguna 20', NULL, '2021-12-16 15:53:28', '2021-12-16 15:53:28', NULL),
	(21, 21, 'Tambah data pengguna 21', NULL, '2021-12-16 15:53:28', '2021-12-16 15:53:28', NULL),
	(22, 22, 'Tambah data pengguna 22', NULL, '2021-12-16 15:53:28', '2021-12-16 15:53:28', NULL),
	(23, 23, 'Tambah data pengguna 23', NULL, '2021-12-16 15:53:28', '2021-12-16 15:53:28', NULL),
	(24, 24, 'Tambah data pengguna 24', NULL, '2021-12-16 15:53:28', '2021-12-16 15:53:28', NULL),
	(25, 25, 'Tambah data pengguna 25', NULL, '2021-12-16 15:53:28', '2021-12-16 15:53:28', NULL),
	(26, 26, 'Tambah data pengguna 26', NULL, '2021-12-16 15:53:28', '2021-12-16 15:53:28', NULL),
	(27, 27, 'Tambah data pengguna 27', NULL, '2021-12-16 15:53:28', '2021-12-16 15:53:28', NULL),
	(28, 28, 'Tambah data pengguna 28', NULL, '2021-12-16 15:53:29', '2021-12-16 15:53:29', NULL),
	(29, 29, 'Tambah data pengguna 29', NULL, '2021-12-16 15:53:29', '2021-12-16 15:53:29', NULL),
	(30, 30, 'Tambah data pengguna 30', NULL, '2021-12-16 15:53:29', '2021-12-16 15:53:29', NULL),
	(31, 31, 'Tambah data pengguna 31', NULL, '2021-12-16 15:53:29', '2021-12-16 15:53:29', NULL),
	(32, 1, 'Tambah Item', NULL, '2021-12-16 15:53:29', '2021-12-16 15:53:29', NULL),
	(33, 2, 'Tambah Item', NULL, '2021-12-16 15:53:29', '2021-12-16 15:53:29', NULL),
	(34, 3, 'Tambah Item', NULL, '2021-12-16 15:53:30', '2021-12-16 15:53:30', NULL),
	(35, 4, 'Tambah Item', NULL, '2021-12-16 15:53:30', '2021-12-16 15:53:30', NULL),
	(36, 5, 'Tambah Item', NULL, '2021-12-16 15:53:30', '2021-12-16 15:53:30', NULL),
	(37, 6, 'Tambah Item', NULL, '2021-12-16 15:53:30', '2021-12-16 15:53:30', NULL),
	(38, 7, 'Tambah Item', NULL, '2021-12-16 15:53:30', '2021-12-16 15:53:30', NULL),
	(39, 8, 'Tambah Item', NULL, '2021-12-16 15:53:30', '2021-12-16 15:53:30', NULL),
	(40, 9, 'Tambah Item', NULL, '2021-12-16 15:53:31', '2021-12-16 15:53:31', NULL),
	(41, 10, 'Tambah Item', NULL, '2021-12-16 15:53:31', '2021-12-16 15:53:31', NULL),
	(42, 11, 'Tambah Item', NULL, '2021-12-16 15:53:31', '2021-12-16 15:53:31', NULL),
	(43, 12, 'Tambah Item', NULL, '2021-12-16 15:53:31', '2021-12-16 15:53:31', NULL),
	(44, 13, 'Tambah Item', NULL, '2021-12-16 15:53:31', '2021-12-16 15:53:31', NULL),
	(45, 14, 'Tambah Item', NULL, '2021-12-16 15:53:31', '2021-12-16 15:53:31', NULL),
	(46, 15, 'Tambah Item', NULL, '2021-12-16 15:53:31', '2021-12-16 15:53:31', NULL),
	(47, 16, 'Tambah Item', NULL, '2021-12-16 15:53:32', '2021-12-16 15:53:32', NULL),
	(48, 17, 'Tambah Item', NULL, '2021-12-16 15:53:32', '2021-12-16 15:53:32', NULL),
	(49, 18, 'Tambah Item', NULL, '2021-12-16 15:53:32', '2021-12-16 15:53:32', NULL),
	(50, 19, 'Tambah Item', NULL, '2021-12-16 15:53:32', '2021-12-16 15:53:32', NULL),
	(51, 20, 'Tambah Item', NULL, '2021-12-16 15:53:32', '2021-12-16 15:53:32', NULL),
	(52, 21, 'Tambah Item', NULL, '2021-12-16 15:53:32', '2021-12-16 15:53:32', NULL),
	(53, 22, 'Tambah Item', NULL, '2021-12-16 15:53:32', '2021-12-16 15:53:32', NULL),
	(54, 23, 'Tambah Item', NULL, '2021-12-16 15:53:33', '2021-12-16 15:53:33', NULL),
	(55, 24, 'Tambah Item', NULL, '2021-12-16 15:53:33', '2021-12-16 15:53:33', NULL),
	(56, 25, 'Tambah Item', NULL, '2021-12-16 15:53:33', '2021-12-16 15:53:33', NULL),
	(57, 26, 'Tambah Item', NULL, '2021-12-16 15:53:33', '2021-12-16 15:53:33', NULL),
	(58, 27, 'Tambah Item', NULL, '2021-12-16 15:53:33', '2021-12-16 15:53:33', NULL),
	(59, 28, 'Tambah Item', NULL, '2021-12-16 15:53:33', '2021-12-16 15:53:33', NULL),
	(60, 29, 'Tambah Item', NULL, '2021-12-16 15:53:33', '2021-12-16 15:53:33', NULL),
	(61, 30, 'Tambah Item', NULL, '2021-12-16 15:53:33', '2021-12-16 15:53:33', NULL),
	(62, 31, 'Tambah Item', NULL, '2021-12-16 15:53:33', '2021-12-16 15:53:33', NULL),
	(63, 32, 'Tambah Item', NULL, '2021-12-16 15:53:33', '2021-12-16 15:53:33', NULL),
	(64, 33, 'Tambah Item', NULL, '2021-12-16 15:53:34', '2021-12-16 15:53:34', NULL),
	(65, 34, 'Tambah Item', NULL, '2021-12-16 15:53:34', '2021-12-16 15:53:34', NULL),
	(66, 35, 'Tambah Item', NULL, '2021-12-16 15:53:34', '2021-12-16 15:53:34', NULL),
	(67, 36, 'Tambah Item', NULL, '2021-12-16 15:53:34', '2021-12-16 15:53:34', NULL),
	(68, 37, 'Tambah Item', NULL, '2021-12-16 15:53:34', '2021-12-16 15:53:34', NULL),
	(69, 38, 'Tambah Item', NULL, '2021-12-16 15:53:34', '2021-12-16 15:53:34', NULL),
	(70, 39, 'Tambah Item', NULL, '2021-12-16 15:53:34', '2021-12-16 15:53:34', NULL),
	(71, 40, 'Tambah Item', NULL, '2021-12-16 15:53:34', '2021-12-16 15:53:34', NULL),
	(72, 41, 'Tambah Item', NULL, '2021-12-16 15:53:34', '2021-12-16 15:53:34', NULL),
	(73, 42, 'Tambah Item', NULL, '2021-12-16 15:53:34', '2021-12-16 15:53:34', NULL),
	(74, 43, 'Tambah Item', NULL, '2021-12-16 15:53:35', '2021-12-16 15:53:35', NULL),
	(75, 44, 'Tambah Item', NULL, '2021-12-16 15:53:35', '2021-12-16 15:53:35', NULL),
	(76, 45, 'Tambah Item', NULL, '2021-12-16 15:53:35', '2021-12-16 15:53:35', NULL),
	(77, 46, 'Tambah Item', NULL, '2021-12-16 15:53:35', '2021-12-16 15:53:35', NULL),
	(78, 47, 'Tambah Item', NULL, '2021-12-16 15:53:35', '2021-12-16 15:53:35', NULL),
	(79, 48, 'Tambah Item', NULL, '2021-12-16 15:53:35', '2021-12-16 15:53:35', NULL),
	(80, 49, 'Tambah Item', NULL, '2021-12-16 15:53:35', '2021-12-16 15:53:35', NULL),
	(81, 50, 'Tambah Item', NULL, '2021-12-16 15:53:35', '2021-12-16 15:53:35', NULL);

-- Dumping structure for table db_icsa.media
CREATE TABLE IF NOT EXISTS `media` (
  `id` bigint(20) unsigned NOT NULL AUTO_INCREMENT,
  `id_user` bigint(20) DEFAULT NULL,
  `title` varchar(75) COLLATE utf8mb4_unicode_ci DEFAULT NULL,
  `description` text COLLATE utf8mb4_unicode_ci DEFAULT NULL,
  `file` text COLLATE utf8mb4_unicode_ci NOT NULL,
  `category` bigint(20) NOT NULL,
  `flag` tinyint(4) NOT NULL COMMENT '1: Image; 2:Document; 3: Video; 4:narasumber',
  `status` tinyint(4) NOT NULL DEFAULT 1 COMMENT '0:non active; 1: active;',
  `created_by` bigint(20) NOT NULL,
  `updated_by` bigint(20) DEFAULT NULL,
  `created_at` timestamp NULL DEFAULT NULL,
  `updated_at` timestamp NULL DEFAULT NULL,
  `deleted_at` timestamp NULL DEFAULT NULL,
  PRIMARY KEY (`id`)
) ENGINE=InnoDB AUTO_INCREMENT=4 DEFAULT CHARSET=utf8mb4 COLLATE=utf8mb4_unicode_ci;

-- Dumping data for table db_icsa.media: ~3 rows (approximately)
DELETE FROM `media`;
INSERT INTO `media` (`id`, `id_user`, `title`, `description`, `file`, `category`, `flag`, `status`, `created_by`, `updated_by`, `created_at`, `updated_at`, `deleted_at`) VALUES
	(1, NULL, 'jnjk', '<p>khbkjh</p>', '[9]', 42, 2, 1, 1, 1, '2021-12-27 11:06:31', '2021-12-27 11:07:07', NULL),
	(2, NULL, 'sfvdf', '<p>sfjvlksfn s</p>', '[11]', 43, 5, 1, 1, NULL, '2021-12-27 12:02:30', '2021-12-27 13:22:54', '2021-12-27 13:22:54'),
	(3, NULL, 'sfjkls', '<p>sfvsfv</p>', '[12]', 43, 5, 1, 1, NULL, '2021-12-27 13:21:01', '2021-12-27 13:21:01', NULL);

-- Dumping structure for table db_icsa.migrations
CREATE TABLE IF NOT EXISTS `migrations` (
  `id` int(10) unsigned NOT NULL AUTO_INCREMENT,
  `migration` varchar(255) COLLATE utf8mb4_unicode_ci NOT NULL,
  `batch` int(11) NOT NULL,
  PRIMARY KEY (`id`)
) ENGINE=InnoDB AUTO_INCREMENT=28 DEFAULT CHARSET=utf8mb4 COLLATE=utf8mb4_unicode_ci;

-- Dumping data for table db_icsa.migrations: ~27 rows (approximately)
DELETE FROM `migrations`;
INSERT INTO `migrations` (`id`, `migration`, `batch`) VALUES
	(1, '2014_10_12_100000_create_password_resets_table', 1),
	(2, '2019_08_19_000000_create_failed_jobs_table', 1),
	(3, '2019_12_14_000001_create_personal_access_tokens_table', 1),
	(4, '2021_10_28_094054_create_users_table', 1),
	(5, '2021_10_28_101057_create_entity_table', 1),
	(6, '2021_10_28_103008_add_users_table', 1),
	(7, '2021_10_28_112526_add_remember_token_and_email_verified', 1),
	(8, '2021_10_28_113134_create_user_log_table', 1),
	(9, '2021_10_29_063234_create_logs_table', 1),
	(10, '2021_10_29_222037_create_items_table', 1),
	(11, '2021_10_29_222311_create_transactions_table', 1),
	(12, '2021_10_29_222657_create_regions_table', 1),
	(13, '2021_10_29_222846_create_countries_table', 1),
	(14, '2021_10_29_223230_create_parameters_table', 1),
	(15, '2021_10_29_223822_create_parameter_details_table', 1),
	(16, '2021_10_30_080701_create_attachments_table', 1),
	(17, '2021_11_04_155106_create_transaction_details_table', 1),
	(18, '2021_11_09_130048_create_zoom_oauths_table', 1),
	(19, '2021_11_10_113843_create_media_table', 1),
	(20, '2021_11_10_115300_create_organizations_table', 1),
	(21, '2021_11_10_143255_create_news_table', 1),
	(22, '2021_11_20_142838_create_caraousels_table', 1),
	(23, '2021_11_23_052401_create_notifications_table', 1),
	(24, '2021_12_01_132931_create_forums_table', 1),
	(25, '2021_12_01_133413_create_forum_replies_table', 1),
	(26, '2021_12_01_133638_create_forum_reports_table', 1),
	(27, '2021_12_28_100932_create_promotions_table', 2);

-- Dumping structure for table db_icsa.news
CREATE TABLE IF NOT EXISTS `news` (
  `id` bigint(20) unsigned NOT NULL AUTO_INCREMENT,
  `title` varchar(75) COLLATE utf8mb4_unicode_ci NOT NULL,
  `slug` varchar(225) COLLATE utf8mb4_unicode_ci NOT NULL,
  `image` bigint(20) DEFAULT NULL,
  `description` text COLLATE utf8mb4_unicode_ci NOT NULL,
  `flag` tinyint(4) NOT NULL DEFAULT 1 COMMENT '1:News Update; 2: hightlight; 3:press release; 4:icsa insight',
  `file` text COLLATE utf8mb4_unicode_ci DEFAULT NULL,
  `links` text COLLATE utf8mb4_unicode_ci DEFAULT NULL,
  `status` tinyint(4) NOT NULL DEFAULT 1 COMMENT '1:Active, 0:Non Active',
  `created_by` bigint(20) NOT NULL,
  `updated_by` bigint(20) DEFAULT NULL,
  `created_at` timestamp NULL DEFAULT NULL,
  `updated_at` timestamp NULL DEFAULT NULL,
  `deleted_at` timestamp NULL DEFAULT NULL,
  PRIMARY KEY (`id`)
) ENGINE=InnoDB DEFAULT CHARSET=utf8mb4 COLLATE=utf8mb4_unicode_ci;

-- Dumping data for table db_icsa.news: ~0 rows (approximately)
DELETE FROM `news`;

-- Dumping structure for table db_icsa.notifications
CREATE TABLE IF NOT EXISTS `notifications` (
  `id` char(36) COLLATE utf8mb4_unicode_ci NOT NULL,
  `type` varchar(255) COLLATE utf8mb4_unicode_ci NOT NULL,
  `notifiable_type` varchar(255) COLLATE utf8mb4_unicode_ci NOT NULL,
  `notifiable_id` bigint(20) unsigned NOT NULL,
  `data` text COLLATE utf8mb4_unicode_ci NOT NULL,
  `read_at` timestamp NULL DEFAULT NULL,
  `created_by` bigint(20) DEFAULT NULL,
  `updated_by` bigint(20) DEFAULT NULL,
  `created_at` timestamp NULL DEFAULT NULL,
  `updated_at` timestamp NULL DEFAULT NULL,
  `deleted_at` timestamp NULL DEFAULT NULL,
  PRIMARY KEY (`id`),
  KEY `notifications_notifiable_type_notifiable_id_index` (`notifiable_type`,`notifiable_id`)
) ENGINE=InnoDB DEFAULT CHARSET=utf8mb4 COLLATE=utf8mb4_unicode_ci;

-- Dumping data for table db_icsa.notifications: ~0 rows (approximately)
DELETE FROM `notifications`;

-- Dumping structure for table db_icsa.organizations
CREATE TABLE IF NOT EXISTS `organizations` (
  `id` bigint(20) unsigned NOT NULL AUTO_INCREMENT,
  `structure` bigint(20) NOT NULL,
  `position` tinyint(4) NOT NULL COMMENT '1: Ketua Umum; 2:Wakil Ketua Umum; 3:Sekretaris Jenderal; 4:Bendahara Umum; 5:Anggota ',
  `image` bigint(20) DEFAULT NULL,
  `name` varchar(112) COLLATE utf8mb4_unicode_ci NOT NULL,
  `office` varchar(112) COLLATE utf8mb4_unicode_ci DEFAULT NULL,
  `start_period` int(11) NOT NULL,
  `end_period` int(11) NOT NULL,
  `contact` text COLLATE utf8mb4_unicode_ci DEFAULT NULL COMMENT 'list -> name, value',
  `status` tinyint(4) NOT NULL DEFAULT 1 COMMENT '0:non active; 1: active;',
  `created_by` bigint(20) NOT NULL,
  `updated_by` bigint(20) DEFAULT NULL,
  `created_at` timestamp NULL DEFAULT NULL,
  `updated_at` timestamp NULL DEFAULT NULL,
  `deleted_at` timestamp NULL DEFAULT NULL,
  PRIMARY KEY (`id`)
) ENGINE=InnoDB AUTO_INCREMENT=4 DEFAULT CHARSET=utf8mb4 COLLATE=utf8mb4_unicode_ci;

-- Dumping data for table db_icsa.organizations: ~3 rows (approximately)
DELETE FROM `organizations`;
INSERT INTO `organizations` (`id`, `structure`, `position`, `image`, `name`, `office`, `start_period`, `end_period`, `contact`, `status`, `created_by`, `updated_by`, `created_at`, `updated_at`, `deleted_at`) VALUES
	(1, 32, 1, 8, 'Tes Nama', 'PT.', 2018, 2021, '[{"id":33,"title":"Nomor Telepon","value":"894048534"},{"id":34,"title":"Facebook","value":"https::\\/\\/google.co.id"},{"id":35,"title":"Instagram","value":"https::\\/\\/google.co.id"},{"id":36,"title":"Twitter","value":"https::\\/\\/google.co.id"}]', 1, 1, 1, '2021-12-27 10:07:04', '2021-12-27 10:07:57', NULL),
	(2, 32, 2, NULL, 'ofj jlsj slafi', 'xkjs ksf ks', 2017, 2021, '[{"id":33,"title":"Nomor Telepon","value":"40348340"}]', 1, 1, NULL, '2021-12-27 10:09:30', '2021-12-27 10:09:30', NULL),
	(3, 19, 1, NULL, 'igjljf', '2lksflksfnlks nlskrn', 2018, 2021, NULL, 1, 1, NULL, '2021-12-27 10:10:11', '2021-12-27 10:10:11', NULL);

-- Dumping structure for table db_icsa.parameters
CREATE TABLE IF NOT EXISTS `parameters` (
  `id` bigint(20) unsigned NOT NULL AUTO_INCREMENT,
  `name` varchar(200) COLLATE utf8mb4_unicode_ci NOT NULL,
  `description` text COLLATE utf8mb4_unicode_ci DEFAULT NULL,
  `url` varchar(200) COLLATE utf8mb4_unicode_ci DEFAULT NULL,
  `status` tinyint(4) NOT NULL DEFAULT 1 COMMENT '0:non active; 1: active;',
  `created_at` timestamp NULL DEFAULT NULL,
  `updated_at` timestamp NULL DEFAULT NULL,
  PRIMARY KEY (`id`)
) ENGINE=InnoDB AUTO_INCREMENT=14 DEFAULT CHARSET=utf8mb4 COLLATE=utf8mb4_unicode_ci;

-- Dumping data for table db_icsa.parameters: ~13 rows (approximately)
DELETE FROM `parameters`;
INSERT INTO `parameters` (`id`, `name`, `description`, `url`, `status`, `created_at`, `updated_at`) VALUES
	(1, 'Kelengkapan Member', NULL, 'completeness.index', 1, '2021-11-04 12:10:30', NULL),
	(2, 'Tahun Kualifikasi', NULL, NULL, 1, '2021-11-04 12:10:30', NULL),
	(3, 'Transaksi', NULL, 'transaction.index', 1, '2021-11-06 13:26:35', NULL),
	(4, 'Membership', NULL, 'membership.index', 1, '2021-11-06 18:17:26', NULL),
	(5, 'Berita', NULL, 'news.index', 1, '2021-11-10 15:00:01', NULL),
	(6, 'Kategori', NULL, 'category.index', 1, '2021-11-10 15:00:29', NULL),
	(7, 'Organisasi', NULL, NULL, 1, '2021-11-10 15:13:38', NULL),
	(8, 'Info', NULL, NULL, 1, '2021-11-11 16:44:18', NULL),
	(9, 'Industry', NULL, 'industry.index', 1, '2021-11-10 15:13:38', NULL),
	(10, 'Bank Transfer', NULL, 'bank.index', 1, '2021-11-24 15:21:41', NULL),
	(11, 'Metode Pembayaran', NULL, 'method.index', 1, '2021-11-25 07:17:49', NULL),
	(12, 'Sekretariat', NULL, NULL, 1, '2021-11-29 19:40:09', NULL),
	(13, 'Sosial Media', NULL, NULL, 1, '2021-11-30 22:31:09', NULL);

-- Dumping structure for table db_icsa.parameter_details
CREATE TABLE IF NOT EXISTS `parameter_details` (
  `id` bigint(20) unsigned NOT NULL AUTO_INCREMENT,
  `id_parameter` bigint(20) NOT NULL,
  `name` varchar(200) COLLATE utf8mb4_unicode_ci NOT NULL,
  `description` text COLLATE utf8mb4_unicode_ci DEFAULT NULL,
  `value1` varchar(200) COLLATE utf8mb4_unicode_ci DEFAULT NULL,
  `value2` varchar(200) COLLATE utf8mb4_unicode_ci DEFAULT NULL,
  `value3` varchar(200) COLLATE utf8mb4_unicode_ci DEFAULT NULL,
  `value4` varchar(200) COLLATE utf8mb4_unicode_ci DEFAULT NULL,
  `value5` varchar(200) COLLATE utf8mb4_unicode_ci DEFAULT NULL,
  `status` tinyint(4) NOT NULL DEFAULT 1 COMMENT '0:non active; 1: active;',
  `created_at` timestamp NULL DEFAULT NULL,
  `updated_at` timestamp NULL DEFAULT NULL,
  `deleted_at` timestamp NULL DEFAULT NULL,
  PRIMARY KEY (`id`)
) ENGINE=InnoDB AUTO_INCREMENT=44 DEFAULT CHARSET=utf8mb4 COLLATE=utf8mb4_unicode_ci;

-- Dumping data for table db_icsa.parameter_details: ~43 rows (approximately)
DELETE FROM `parameter_details`;
INSERT INTO `parameter_details` (`id`, `id_parameter`, `name`, `description`, `value1`, `value2`, `value3`, `value4`, `value5`, `status`, `created_at`, `updated_at`, `deleted_at`) VALUES
	(1, 1, 'Handbook', NULL, NULL, NULL, NULL, NULL, NULL, 1, NULL, NULL, NULL),
	(2, 1, 'Kelengkapan 1', NULL, NULL, NULL, NULL, NULL, NULL, 1, NULL, '2021-11-16 15:10:43', NULL),
	(3, 1, 'Kelengkapan 2', NULL, NULL, NULL, NULL, NULL, NULL, 1, NULL, '2021-11-16 12:18:53', NULL),
	(4, 2, 'Dibawah 1 Tahun', NULL, NULL, NULL, NULL, NULL, NULL, 1, NULL, NULL, NULL),
	(5, 2, 'Dibawah 2 Tahun', NULL, NULL, NULL, NULL, NULL, NULL, 1, NULL, NULL, NULL),
	(6, 2, 'Dibawah 3 Tahun', NULL, NULL, NULL, NULL, NULL, NULL, 1, NULL, NULL, NULL),
	(7, 2, 'Dibawah 4 Tahun', NULL, NULL, NULL, NULL, NULL, NULL, 1, NULL, NULL, NULL),
	(8, 2, 'Dibawah 5 Tahun', NULL, NULL, NULL, NULL, NULL, NULL, 1, NULL, NULL, NULL),
	(9, 2, 'Diatas 5 Tahun', NULL, NULL, NULL, NULL, NULL, NULL, 1, NULL, NULL, NULL),
	(10, 3, 'TAX', 'Pajak (%)', '0', NULL, NULL, NULL, NULL, 1, NULL, NULL, NULL),
	(11, 3, 'PAYMENTEXPIRED', 'Payment expired (days)', '3', NULL, NULL, NULL, NULL, 1, NULL, NULL, NULL),
	(12, 4, 'MEMBERDURATION', 'durasi member (months)', '12', NULL, NULL, NULL, NULL, 1, NULL, NULL, NULL),
	(13, 8, 'ABOUTUS', '<p><strong>ABOUT US nm</strong></p>', NULL, NULL, NULL, NULL, NULL, 1, NULL, '2021-11-29 15:36:14', NULL),
	(14, 4, 'MEMBERSHIPFEE', 'membership fee', '100000', 'Pembayaran Annual Membership', NULL, NULL, NULL, 1, '2021-11-16 15:49:55', '2021-11-24 14:19:21', NULL),
	(15, 5, 'News Update', NULL, NULL, NULL, NULL, NULL, NULL, 1, '2021-11-16 15:59:50', '2021-11-18 06:03:11', NULL),
	(16, 5, 'Highlights', NULL, NULL, NULL, NULL, NULL, NULL, 1, '2021-11-18 06:03:28', '2021-11-18 06:03:28', NULL),
	(17, 5, 'Press Release', NULL, NULL, NULL, NULL, NULL, NULL, 1, '2021-11-18 06:03:44', '2021-11-18 06:03:44', NULL),
	(18, 5, 'ICSA Insights', NULL, NULL, NULL, NULL, NULL, NULL, 1, '2021-11-18 06:04:01', '2021-11-18 06:04:01', NULL),
	(19, 7, 'Dewan Pengurusk', NULL, NULL, NULL, NULL, NULL, NULL, 1, '2021-11-19 06:42:20', '2021-11-29 15:45:16', NULL),
	(20, 7, 'Pengurus Bidang Kerja sama dan Kelembagaan', NULL, NULL, NULL, NULL, NULL, NULL, 1, '2021-11-19 06:46:08', '2021-11-19 06:46:08', NULL),
	(21, 9, 'Otomotiv', NULL, NULL, NULL, NULL, NULL, NULL, 1, '2021-11-20 13:10:40', '2021-11-20 13:10:40', NULL),
	(22, 9, 'Pendidikan', NULL, NULL, NULL, NULL, NULL, NULL, 1, '2021-11-20 13:11:18', '2021-11-20 13:11:42', NULL),
	(23, 8, 'PRIVACYPOLICY', '<p><strong>Privacy Policy</strong></p>', NULL, NULL, NULL, NULL, NULL, 1, '2021-11-20 15:07:07', '2021-11-20 14:19:15', NULL),
	(24, 8, 'TERMCONDITION', '<p><strong>TERM CONDITION</strong></p>', NULL, NULL, NULL, NULL, NULL, 1, '2021-11-20 15:07:31', '2021-11-20 14:11:15', NULL),
	(25, 10, 'Bank BNI', 'ICSA', '394849384983', 'ICSA', NULL, NULL, NULL, 1, NULL, '2021-11-29 10:19:28', NULL),
	(26, 11, 'Transfer Bank', NULL, NULL, NULL, NULL, NULL, NULL, 1, NULL, NULL, NULL),
	(27, 8, 'HISTORY', '<p>skri</p>', NULL, NULL, NULL, NULL, NULL, 1, '2021-11-29 19:38:44', '2021-11-29 19:03:19', NULL),
	(28, 8, 'MILESTONE', '[{"year":"2001","description":"beridisi"},{"year":"2001","description":"tes"}]', NULL, NULL, NULL, NULL, NULL, 1, NULL, '2021-12-27 09:58:27', NULL),
	(29, 8, 'VISI', '<p>visi content</p>', NULL, NULL, NULL, NULL, NULL, 1, NULL, '2021-11-29 19:16:07', NULL),
	(30, 8, 'MISI', '<p>misi content</p>', NULL, NULL, NULL, NULL, NULL, 1, NULL, '2021-11-29 19:16:07', NULL),
	(31, 7, 'Tes Bidang', NULL, NULL, NULL, NULL, NULL, NULL, 1, '2021-11-30 07:50:14', '2021-11-30 07:50:34', '2021-11-30 07:50:34'),
	(32, 12, 'Bidang Sekretariat', NULL, NULL, NULL, NULL, NULL, NULL, 1, '2021-11-30 07:53:10', '2021-11-30 07:53:10', NULL),
	(33, 13, 'Nomor Telepon', NULL, 'mdi mdi-cellphone', NULL, NULL, NULL, NULL, 1, NULL, NULL, NULL),
	(34, 13, 'Facebook', NULL, 'mdi mdi-facebook', NULL, NULL, NULL, NULL, 1, NULL, NULL, NULL),
	(35, 13, 'Instagram', NULL, 'mdi mdi-instagram', NULL, NULL, NULL, NULL, 1, NULL, NULL, NULL),
	(36, 13, 'Twitter', NULL, 'mdi mdi-twitter', NULL, NULL, NULL, NULL, 1, NULL, NULL, NULL),
	(37, 8, 'SERTIFIKASI', '<p>dfkd</p>', NULL, NULL, NULL, NULL, NULL, 1, NULL, '2021-12-27 10:03:07', NULL),
	(38, 6, 'Keanggotaan', NULL, '1', NULL, NULL, NULL, NULL, 1, '2021-12-01 12:57:35', '2021-12-16 16:26:23', NULL),
	(39, 8, 'FORUMRULES', '<p>Do and Dont On Forum &amp; Chat</p>', NULL, NULL, NULL, NULL, NULL, 1, NULL, '2021-12-02 17:43:06', NULL),
	(40, 6, 'Kategori Thread', NULL, '3', NULL, NULL, NULL, NULL, 1, '2021-12-16 16:26:05', '2021-12-16 16:26:05', NULL),
	(41, 8, 'PRIVACYPOLICYICSA', '<p><em>Selamat Datang di <strong>ICSA</strong>.</em></p>\r\n\r\n<p>Syarat dan Ketentuan Penggunaan (&ldquo;<strong>Ketentuan Penggunaan</strong>&rdquo;) ini merupakan suatu perjanjian sah terkait tata cara dan persyaratan penggunaan fitur dan/atau layanan (&ldquo;<strong>Layanan</strong>&rdquo;) Platform <strong>ICSA</strong>(&ldquo;<strong>Platform</strong>&rdquo;) antara Pengguna (&ldquo;<strong>Anda</strong>&rdquo;) dengan pengelola Platform, yaitu Tracesync (&ldquo;<strong>Kami</strong>&rdquo;). Dengan mengunduh dan/atau memasang dan/atau menggunakan Platform dan/atau menikmati Layanan Kami, Anda setuju bahwa Anda telah membaca, memahami, mengetahui, menerima, dan menyetujui seluruh informasi, syarat-syarat, dan ketentuan-ketentuan penggunaan Platform yang terdapat dalam Ketentuan Penggunaan ini.&nbsp;</p>\r\n\r\n<p>Apabila Anda tidak setuju terhadap salah satu, sebagian, atau seluruh isi yang tertuang dalam Ketentuan Penggunaan dan Kebijakan Privasi ini, silakan untuk menghapus Platform dalam perangkat elektronik Anda dan/atau tidak mengakses Platform dan/atau tidak menggunakan Layanan Kami. Mohon untuk dapat diperhatikan pula bahwa Ketentuan Penggunaan dan Kebijakan Privasi dapat diperbarui dari waktu ke waktu.</p>\r\n\r\n<ol>\r\n	<li>KETENTUAN UMUM\r\n	<ol>\r\n		<li>Platform adalah aplikasi (versi Android atau iOS), aplikasi web (aplikasi yang dapat diakses menggunakan web), website yang dikelola oleh Kami sebagaimana diperbarui dari waktu ke waktu.</li>\r\n		<li>Koneksi internet diperlukan untuk dapat menggunakan Layanan dan biaya terkait penggunaan koneksi internet tersebut ditanggung sepenuhnya oleh Anda.&nbsp;</li>\r\n		<li>Platform berfungsi sebagai sarana untuk menghubungkan Anda dengan pihak ketiga yang menyediakan layanan atau menjual barang kepada Anda seperti (tetapi tidak terbatas pada) dokter, psikolog, dan/atau apotek (&ldquo;<strong>Penyedia Layanan</strong>&rdquo;).</li>\r\n		<li>Platform ini merupakan sarana untuk memudahkan pencarian atas Layanan dimana kami bekerjasama dengan penyelenggara pelayanan kesehatan, penyelenggaran pelayanan kefarmasian atau penyedia jasa pengantaran.</li>\r\n		<li>Kami dapat menggunakan jasa pihak ketiga terkait penyediaan layanan pembayaran. Apabila terjadi kegagalan pada sistem pembayaran, Kami akan berupaya semaksimal mungkin dalam membantu menyelesaikan masalah yang mungkin timbul. Penyedia jasa perbankan/pembayaran yang dipilih oleh Anda dapat mengenakan biaya tambahan kepada Anda atas layanan yang diberikan.&nbsp;</li>\r\n		<li>Platform memungkinkan Anda untuk mengirimkan permintaan atas suatu Layanan kepada Penyedia Layanan. Penyedia Layanan memiliki kebijakan sendiri dan kewenangan penuh untuk menerima atau menolak setiap permintaan Anda atas Layanan. Jika Penyedia Layanan menerima permintaan Anda, Platform akan memberitahu Anda dan memberikan informasi mengenai Penyedia Layanan, termasuk nomor order dan kemampuan untuk menghubungi Penyedia Layanan melalui telepon.&nbsp;</li>\r\n		<li>Setiap fitur atau fasilitas dalam Platform dapat diperbarui atau diubah sesuai dengan kebutuhan dan perkembangan Platform.</li>\r\n		<li>Anda dapat memberikan informasi mengenai data pribadi dan riwayat kesehatan, dan Kami akan menyimpan serta menampilkannya dalam akun Anda. Kerahasiaan data Anda terjamin dan akan digunakan oleh Kami dan/atau Penyedia Layanan untuk keperluan interaksi dengan dokter dan/atau keperluan pemesanan obat serta layanan lainnya yang dilakukan di dalam Platform yang telah Anda setujui sesuai dengan ketentuan perundang-undangan yang berlaku dan Kebijakan Privasi.</li>\r\n		<li>Dengan menggunakan Platform, Anda memahami dan menyetujui bahwa percakapan melalui fitur&nbsp;<em>video call</em>,&nbsp;<em>voice call</em>&nbsp;maupun&nbsp;<em>chat</em>&nbsp;akan dapat tersimpan secara otomatis dan dapat diarsipkan untuk keperluan legal dan peningkatan kualitas layanan. Kerahasiaan percakapan Anda terjamin dan informasi tidak akan disebarluaskan.</li>\r\n		<li>Anda memahami dan menyetujui bahwa percakapan Anda dengan&nbsp;<em>customer service</em>&nbsp;Kami akan dapat tersimpan secara otomatis dan diarsipkan untuk keperluan legal dan peningkatan kualitas layanan. Kerahasiaan percakapan Anda terjamin dan informasi tidak akan disebarluaskan.</li>\r\n		<li>Anda memahami dan menyetujui bahwa komunikasi Anda dengan fasilitas pelayanan kesehatan yang terhubung melalui nomor telepon pada website kami dapat tersimpan secara otomatis dan dapat diarsipkan untuk keperluan legal dan peningkatan kualitas layanan. Kerahasiaan percakapan Anda terjamin dan informasi tidak akan disebarluaskan.</li>\r\n		<li>Kami dapat menghentikan atau membatasi proses registrasi atau penggunaan Platform oleh Anda jika ditemukan pelanggaran dari Ketentuan Penggunaan ini atau peraturan perundang-undangan yang berlaku.<br />\r\n		&nbsp;</li>\r\n	</ol>\r\n	</li>\r\n	<li>KETENTUAN PENGGUNAAN PLATFORM\r\n	<ol>\r\n		<li>Anda menyatakan dan menjamin bahwa Anda adalah individu yang memiliki hak untuk mengadakan perjanjian yang mengikat berdasarkan hukum Negara Republik Indonesia dan bahwa Anda telah berusia minimal 21 (dua puluh satu) tahun atau sudah menikah dan tidak berada di bawah perwalian atau pengampuan. Jika Anda berusia di bawah 21 (dua puluh satu) tahun dan belum menikah, Anda menyatakan dan menjamin bahwa Anda telah memperoleh izin dari orang tua atau wali hukum Anda, kecuali Anda menyatakan sebaliknya. Dengan memberikan persetujuan, orang tua atau wali hukum Anda setuju untuk bertanggung jawab atas: (i) semua tindakan Anda terkait akses ke dan penggunaan Platform dan/atau Layanan; (ii) biaya apa pun terkait penggunaan Anda atas Layanan apa pun; dan (iii) kepatuhan Anda terhadap Syarat dan Ketentuan ini. Kami dapat menutup atau membatalkan akun Anda apabila hal tersebut tidak benar. Anda selanjutnya menyatakan dan menjamin bahwa Anda memiliki hak, wewenang dan kapasitas untuk menggunakan Layanan dan akan senantiasa mematuhi Ketentuan Penggunaan. Jika Anda mendaftarkan atas nama suatu badan usaha, Anda juga menyatakan bahwa Anda berwenang untuk bertindak untuk dan atas nama badan hukum tersebut dan untuk mengadakan dan mengikatkan badan hukum/entitas tersebut pada Ketentuan Penggunaan Platform.&nbsp;</li>\r\n		<li>Anda dapat menggunakan seluruh fitur pada Platform dengan terlebih dahulu melakukan pendaftaran yang disertai pemberian informasi data pribadi Anda yang dapat dipertanggung jawabkan secara hukum sebagaimana diminta dalam Platform (&ldquo;Data Pribadi&rdquo;). Informasi terkait Data Pribadi yang diberikan hanya akan digunakan oleh Kami dan/atau Penyedia Layanan untuk pemberian layanan-layanan dalam Platform dan untuk tujuan lain yang telah Anda setujui sesuai dengan ketentuan perundang-undangan yang berlaku. Kebijakan Privasi yang terlampir (sebagaimana diperbarui dari waktu ke waktu) menjadi bagian yang tidak terpisahkan dari Ketentuan Penggunaan ini.&nbsp;</li>\r\n		<li>Setelah mendaftarkan diri pada Platform, Anda akan mendapatkan suatu akun pribadi yang dapat diakses dengan&nbsp;<em>One Time Password</em>&nbsp;(OTP) yang akan dikirimkan ke nomor telepon seluler Anda atau kata kunci (password) yang telah anda masukkan pada saat pendaftaran. Kami harap Anda tidak menyerahkan, mengalihkan maupun memberikan wewenang kepada orang lain untuk menggunakan identitas atau menggunakan akun Anda. Anda wajib menjaga kerahasiaan kata sandi akun Anda dan setiap identifikasi yang kami berikan kepada Anda atas akun atau Data Pribadi Anda. Apabila terjadi pengungkapan atas kata sandi Anda yang terjadi bukan atas kesalahan Kami, dengan cara apapun yang mengakibatkan penggunaan yang tidak sah dan tanpa kewenangan atas akun atau Anda, transaksi maupun pesanan atas Layanan yang dilakukan melalui Platform masih akan dianggap sebagai transaksi yang sah kecuali apabila Anda telah memberitahu Kami tentang hal tersebut sebelum Penyedia Layanan memberikan Layanan yang diminta.</li>\r\n		<li>Anda memiliki tanggung jawab atas setiap penggunaan akun Anda dalam Platform. Apabila Anda tidak memiliki kontrol atas akun Anda oleh sebab apapun, maka Anda diharuskan untuk melaporkannya kepada Kami. Apabila terjadi penyalahgunaan akun Anda oleh orang lain sebelum pelaporan terjadi, maka penggunaan akun pada periode tersebut akan menjadi tanggung jawab Anda.</li>\r\n		<li>Anda tidak diperkenankan untuk membahayakan, menyalahgunakan, mengubah atau memodifikasi Platform dengan cara apapun. Kami dapat menutup atau membatalkan akun Anda dan melarang Anda untuk menggunakan Platform lebih lanjut jika Anda tidak mematuhi Ketentuan Penggunaan ini.&nbsp;</li>\r\n		<li>Dengan menggunakan Platform, maka Anda memahami, setuju, dan tunduk sesuai yang dipersyaratkan pada Kebijakan Privasi Kami sebagaimana berlaku dari waktu ke waktu.&nbsp;</li>\r\n		<li>Anda akan menggunakan Platform hanya untuk tujuan mendapatkan Layanan, dan tidak akan&nbsp;menyalahgunakan atau menggunakan Platform untuk aktivitas yang bertentangan dengan hukum, termasuk namun tidak terbatas kepada tindak pidana pencucian uang, pencurian, penggelapan, terorisme maupun penipuan. Anda juga sepakat bahwa Anda tidak akan melakukan pemesanan palsu melalui Platform dan tidak akan melakukan perbuatan melawan hukum melalui Platform.</li>\r\n		<li>Dengan memberikan informasi kepada Kami, Anda menyatakan bahwa Anda setuju bahwa informasi yang Anda berikan akan digunakan oleh Kami dan Penyedia Layanan.</li>\r\n		<li>Anda mengetahui dan setuju bahwa setiap informasi dalam bentuk apapun, termasuk namun tidak terbatas pada video, audio, gambar atau tulisan yang ada dalam Platform memiliki hak atas kekayaan intelektual (termasuk namun tidak terbatas kepada hak atas merek dan hak cipta) masing-masing. Anda tidak diperbolehkan untuk menggunakan, mengubah, memfasilitasi, menyebarluaskan dan/atau memutilasi hak atas kekayaan intelektual tersebut tanpa izin dari pemilik hak atas kekayaan intelektual tersebut sebagaimana diatur dalam peraturan perundang-undangan yang berlaku.</li>\r\n		<li>Pada saat mengakses dan menggunakan Platform termasuk setiap fitur dan layanannya, Anda tidak diperkenankan untuk:\r\n		<ol>\r\n			<li>mengalihkan akun Anda di Platform kepada pihak lain tanpa persetujuan terlebih dahulu dari Kami.</li>\r\n			<li>menyebarkan virus, spam atau teknologi sejenis lainnya yang dapat merusak dan/atau merugikan Platform dan pengguna Platform lainnya.</li>\r\n			<li>memasukkan atau memindahkan fitur pada Platform tanpa persetujuan dari Kami.</li>\r\n			<li>menempatkan informasi atau aplikasi lain yang melanggar hak kekayaan intelektual pihak lain di dalam Platform.</li>\r\n			<li>mengambil atau mengumpulkan data pribadi dari pengguna Platform lain, termasuk tetapi tidak terbatas pada alamat surel, tanpa persetujuan dari pengguna tersebut.</li>\r\n			<li>menggunakan Platform untuk hal-hal yang dilarang berdasarkan hukum dan undang-undang yang berlaku.</li>\r\n			<li>menggunakan Platform untuk mendistribusikan iklan atau materi lainnya.</li>\r\n		</ol>\r\n		</li>\r\n		<li>Anda mengetahui dan menyetujui bahwa tarif Layanan yang tercantum pada Platform dapat mengalami perubahan.</li>\r\n		<li>Seluruh artikel kesehatan yang Kami tampilkan digunakan untuk mengedukasi pengguna dan bukan merupakan pengganti dari saran, diagnosis atau perawatan medis dari layanan dokter rekanan Kami.&nbsp;</li>\r\n		<li>Seluruh informasi obat yang Kami tampilkan adalah bersifat informasi umum sesuai yang tercantum pada kemasan obat.&nbsp;</li>\r\n		<li>Platform memiliki tautan dengan situs-situs yang dioperasikan oleh pihak ketiga. Tautan tersebut tersedia untuk kenyamanan anda dan hanya akan digunakan untuk menyediakan akses ke situs pihak ketiga dan bukan untuk tujuan lainnya. Kualitas, isi maupun informasi dari Produk atau layanan tersebut akan disediakan oleh situs yang dioperasikan oleh pihak ketiga.<br />\r\n		&nbsp;</li>\r\n	</ol>\r\n	</li>\r\n	<li>LAYANAN\r\n	<ol>\r\n		<li>Cari Dokter\r\n		<p>Anda dapat mencari para dokter dan mitra kami lainnya dengan menggunakan filter ataupun kategori yang ada.&nbsp;</p>\r\n		</li>\r\n		<li>Fitur Chat dengan Dokter\r\n		<ol>\r\n			<li>Fitur ini memfasilitasi Anda untuk berinteraksi dengan para dokter dan mitra lainnya melalui&nbsp;<em>video call</em>,&nbsp;<em>voice call</em>&nbsp;maupun&nbsp;<em>chat</em>&nbsp;yang dapat diakses melalui Aplikasi.</li>\r\n			<li>Anda dapat menghubungi Mitra kami langsung ketika Mitra berstatus&nbsp;<em>online</em>.</li>\r\n			<li>Anda dapat melakukan pemesanan chat dengan Dokter/Mitra dengan melakukan pembayaran sesuai biaya yang tercantum di masing-masing rekanan. Setelah pembayaran dilakukan, kami akan meneruskan permintaan chat anda ke Dokter/Mitra kami. Layanan akan menunggu respond dari Mitra maksimum 2 menit untuk dapat menerima permintaan chat. Jika melewati waktu 2 menit atau dibatalkan oleh Dokter/Mitra maka akan dilakukan pembatalan sesuai dengan prosedur yang berlaku.</li>\r\n			<li>Dokter/Mitra Kami dapat membatalkan&nbsp;permintaan Chat dalam maksimal 2 (dua) menit setelah permintaan diterima. Proses pengembalian dana dalam hal terjadi pembatalan&nbsp;<em>booking</em>&nbsp;Chat akan dilakukan sesuai dengan prosedur yang berlaku.</li>\r\n			<li>Kami akan mengirimkan pemberitahuan terkait janji Chat dengan Dokter/Mitra melalui&nbsp;<em>push notification</em>&nbsp;pada perangkat elektronik Anda. Untuk dapat menerima&nbsp;<em>push notification</em>&nbsp;yang Kami kirimkan maka Anda harus mengaktifkan&nbsp;<em>push notification</em>&nbsp;tersebut.&nbsp;</li>\r\n			<li>Anda mengetahui dan menyetujui bahwa fitur ini tidak menggantikan pemeriksaan dan pengobatan dengan Dokter/Mitra pada umumnya atau dengan tatap muka secara langsung.&nbsp;</li>\r\n			<li>Kami akan berupaya semaksimal mungkin agar Dokter/Mitra yang terdaftar pada Aplikasi dan/atau Website dapat memberikan tanggapan atas pertanyaan Anda sesegera mungkin. Namun demikian, kami tidak menyarankan Anda menggunakan Platform untuk kondisi medis darurat.</li>\r\n			<li>Layanan Kami tidak bersifat memaksa atau pun mengikat. Keputusan untuk menggunakan Layanan ini sepenuhnya berada di tangan Anda. Platform hanya merupakan fasilitator interaksi antara Dokter/Mitra yang terdaftar pada Kami sebagai Penyedia Layanan.</li>\r\n			<li>Anda memahami bahwa Anda perlu memberikan informasi dan menjelaskan gejala atau keluhan fisik yang Anda alami secara lengkap, jelas dan akurat ketika melakukan percakapan dengan Dokter/Mitra Kami melalui fitur Chat dengan Dokter.</li>\r\n		</ol>\r\n		</li>\r\n		<li>Fitur Buat Janji / Appointment dengan Dokter&nbsp;\r\n		<p>Melalui fitur ini, Anda dapat melakukan pengaturan janji temu dengan dokter rekanan yang ada pada sistem Kami. Apabila terjadi perubahan atau pembatalan jadwal dari dokter yang telah Anda pilih, maka Anda akan mendapatkan konfirmasi terkait perubahan jadwal tersebut melalui Aplikasi Anda.&nbsp;</p>\r\n		</li>\r\n		<li>Laporan\r\n		<p>Anda dapat melihat laporan transaksi yang telah dilakukan dengan.&nbsp;</p>\r\n		</li>\r\n	</ol>\r\n	</li>\r\n	<li>TRANSAKSI\r\n	<ol>\r\n		<li>Untuk dapat bertransaksi di Platform, Anda dapat menggunakan berbagai metode pembayaran yang tersedia pada Platform.</li>\r\n		<li>Apabila Anda mencurigai adanya aktivitas yang tidak wajar dan/atau terjadi perselisihan/sengketa sehubungan dengan akun Anda, Anda dapat segera menghubungi Kami agar Kami dapat segera mengambil tindakan yang diperlukan.&nbsp;</li>\r\n		<li>Anda dapat mengajukan pengembalian dana saldo yang tersimpan di sistem (<em>refund</em>) kepada Kami. Proses pengembalian dana saldo akan dilakukan maksimal 5 hari kerja.</li>\r\n		<li>Pengembalian dana saldo (<em>refund</em>) Anda dapat Kami kembalikan ke rekening yang tercantum di data kami.&nbsp;</li>\r\n		<li>Kami dapat melakukan penangguhan segala transaksi yang berasal dari akun Anda serta dapat melakukan tindakan penangguhan transaksi apabila kami mengidentifikasi adanya masalah pada akun Anda atau suatu transaksi tertentu.</li>\r\n		<li>Anda memahami dan menyetujui bahwa batas waktu pengajuan keluhan mengenai transaksi adalah maksimal 5 (hari) hari kalender setelah transaksi selesai.</li>\r\n	</ol>\r\n	</li>\r\n	<li>KETENTUAN TRANSAKSI\r\n	<ol>\r\n		<li>Fitur Chat dengan Dokter\r\n		<ol>\r\n			<li>Anda akan dikenakan tarif dengan jumlah tertentu untuk dapat menggunakan layanan Chat dengan Dokter.</li>\r\n			<li>Apabila Anda memerlukan video call maupun voice call dengan dokter rekanan Kami, Anda perlu menginformasikan terlebih dahulu kepada dokter rekanan tersebut dan akan tergantung pada ketersediaan masing-masing dokter pada saat dihubungi</li>\r\n			<li>Setelah Anda membayar dengan menggunakan pembayaran yang disediakan oleh Kami dan langsung diarahkan layar&nbsp;<em>chat</em>&nbsp;di layar telepon dan saat Anda sudah terhubung dengan dokter, psikolog, dan/atau psikolog klinis. Satu sesi Chat dengan dokter, psikolog, dan/atau psikolog klinis ini maksimum terhitung 30 (tiga puluh) menit dari sesi percakapan dimulai atau hingga dokter, psikolog, dan/atau psikolog klinis mengakhiri sesi percakapan.&nbsp;</li>\r\n			<li>Saat menghubungi dokter melalui&nbsp;<em>chat</em>, Anda dapat mengirimkan gambar dan.atau dokumen kepada dokter yang berkaitan dengan kondisi medis Anda dengan format png, jpg, dan bitmap untuk gambar dan pdf dan doc untuk dokumen.&nbsp;</li>\r\n			<li>Transaksi tidak dapat dibatalkan setelah sesi Chat dengan Dokter berakhir atau selesai dilakukan.</li>\r\n			<li>Kami dapat memblokir atau membatalkan akun Anda apabila terdapat penyalahgunaan fitur Chat dengan Dokter pada akun Anda.</li>\r\n			<li>Biaya yang dikenakan tersebut sudah termasuk Pajak Pertambahan Nilai (PPN).</li>\r\n			<li>Ketepatan serta keakuratan Dokter dalam memberikan&nbsp;Rekomendasi Obat akan bergantung pada informasi yang diberikan oleh Anda. Setiap isi dan/atau pernyataan-pernyataan dalam percakapan yang dilakukan oleh Anda dengan Dokter menggunakan fitur&nbsp;<em>video call, voice call, chat, medical record, </em>Rekomendasi Obat, pada Platform, hal tersebut ialah percakapan dan interaksi pribadi antara Anda dengan Dokter rekanan sebagai pemberi jasa layanan kesehatan<br />\r\n			&nbsp;</li>\r\n		</ol>\r\n		</li>\r\n		<li>Konsultasi dengan Dokter\r\n		<ol>\r\n			<li>Anda dapat melihat biaya konsultasi yang dibebankan setelah konsultasi dengan dokter/rekanan kami</li>\r\n			<li>Anda dapat melakukan pembayaran secara tunai untuk konsultasi yang dilakukan secara offline atau menggunakan pembayaran online menggunakan aplikasi.</li>\r\n			<li>Untuk konsultasi online, anda hanya dapat melakukan pembayaran secara online melalui aplikasi.</li>\r\n		</ol>\r\n		</li>\r\n	</ol>\r\n	</li>\r\n	<li>PENGGUNAAN KODE KUPON\r\n	<ol>\r\n		<li>Dengan menggunakan kode kupon, Anda setuju untuk tunduk pada syarat dan ketentuan mengenai penggunaan kode kupon Kami.</li>\r\n		<li>Kode kupon tidak dapat dialihkan dan tidak dapat ditukar dalam bentuk uang.</li>\r\n		<li>Potongan harga yang terdapat dalam kode kupon tidak dapat diklaim dan/atau diubah setelah pembelian dan pembayaran telah dikonfirmasi oleh Kami.</li>\r\n		<li>Masing - masing kode kupon berlaku untuk periode tertentu. Silakan memeriksa masing - masing kupon yang Anda terima untuk memastikan masa berlaku kode kupon Anda.</li>\r\n		<li>Kami berhak untuk menghentikan kode kupon sewaktu - waktu berdasarkan kebijakan mutlak Kami.</li>\r\n		<li>Kami berhak, tanpa pemberitahuan sebelumnya, membatalkan penggunaan kupon oleh Anda jika ditemukan indikasi kecurangan atau pelanggaran yang dilakukan oleh Anda atas Ketentuan Penggunaan ini dan ketentuan hukum yang berlaku di wilayah Negara Republik Indonesia. Atas pembatalan tersebut, Kami tidak akan memberikan ganti rugi dalam bentuk apa pun.<br />\r\n		&nbsp;</li>\r\n	</ol>\r\n	</li>\r\n	<li>HAK ATAS KEKAYAAN INTELEKTUAL\r\n	<ol>\r\n		<li>Kami adalah pemegang hak lisensi atas nama, ikon, dan logo FamilyDoc yang mana merupakan hak cipta dan merek dagang yang dilindungi undang-undang Republik Indonesia. Anda tidak dapat menggunakan, memodifikasi, atau memasang nama, ikon, logo, atau merek tersebut tanpa persetujuan tertulis dari Kami.&nbsp;</li>\r\n		<li>Seluruh hak atas kekayaan intelektual yang terdapat dalam Platform berdasarkan hukum negara Republik Indonesia, termasuk dalam hal ini adalah kepemilikan hak kekayaan intelektual atas seluruh&nbsp;<em>source code</em>&nbsp;Platform dan hak kekayaan intelektual terkait Platform. Untuk itu, Anda dilarang untuk melakukan pelanggaran atas hak kekayaan intelektual yang terdapat pada Platform ini, termasuk melakukan modifikasi, karya turunan, mengadaptasi, menduplikasi, menyalin, menjual, membuat ulang, meretas, menjual, dan/atau mengeksploitasi Platform termasuk penggunaan Platform atas akses yang tidak sah, meluncurkan program otomatis atau script, atau segala program apapun yang mungkin menghambat operasi dan/atau kinerja Platform, atau dengan cara apapun memperbanyak atau menghindari struktur navigasi atau presentasi dari Platform atau isinya.</li>\r\n		<li>Anda hanya diperbolehkan untuk menggunakan Platform semata-mata untuk kebutuhan pribadi dan tidak dapat dialihkan.&nbsp;</li>\r\n		<li>Kami dapat mengambil tindakan hukum terhadap setiap pelanggaran yang dilakukan oleh Anda terkait dengan hak kekayaan intelektual terkait Platform.</li>\r\n	</ol>\r\n	<br />\r\n	&nbsp;</li>\r\n	<li>PENUTUP\r\n	<ol>\r\n		<li>Syarat dan Ketentuan ini dapat diubah dari waktu ke waktu. Perubahan apa pun terhadap Syarat dan Ketentuan ini akan dipublikasikan di Platform. Penggunaan Platform secara berkelanjutan menandakan persetujuan dan penerimaan Anda terhadap perubahan tersebut.</li>\r\n		<li>Kami senantiasa melakukan upaya untuk menjaga Platform ini berfungsi dan berjalan lancar. Perlu diketahui bahwa Platform dan/atau fitur Layanan Kami dapat sewaktu-waktu tidak tersedia yang disebabkan oleh berbagai alasan, termasuk namun tidak terbatas pada keperluan pemeliharaan atau masalah teknis, dan situasi ini berada di luar kuasa kami.&nbsp;</li>\r\n		<li>Ketentuan Penggunaan ini diatur dan ditafsirkan serta dilaksanakan berdasarkan hukum yang berlaku di Negara Republik Indonesia dan Anda dengan tegas menyetujui bahwa bahwa ketentuan Pasal 1266 Kitab Undang-Undang Hukum Perdata dan ketentuan lainnya yang mewajibkan adanya pengesahan atau persetujuan pengadilan untuk dapat mengakhiri Ketentuan Penggunaan tidak berlaku terhadap Ketentuan Penggunaan ini.</li>\r\n	</ol>\r\n	</li>\r\n</ol>\r\n', NULL, NULL, NULL, NULL, NULL, 1, NULL, NULL, NULL),
	(42, 6, 'hhbkhb', NULL, '2', NULL, NULL, NULL, NULL, 1, '2021-12-27 11:05:50', '2021-12-27 11:05:50', NULL),
	(43, 6, 'tes', NULL, '5', NULL, NULL, NULL, NULL, 1, '2021-12-27 11:29:58', '2021-12-27 11:29:58', NULL);

-- Dumping structure for table db_icsa.promotions
CREATE TABLE IF NOT EXISTS `promotions` (
  `id` bigint(20) unsigned NOT NULL AUTO_INCREMENT,
  `title` varchar(75) COLLATE utf8mb4_unicode_ci NOT NULL,
  `image` bigint(20) DEFAULT NULL,
  `description` text COLLATE utf8mb4_unicode_ci NOT NULL,
  `status` tinyint(4) NOT NULL DEFAULT 1 COMMENT '1:Active, 0:Non Active',
  `created_by` bigint(20) NOT NULL,
  `updated_by` bigint(20) DEFAULT NULL,
  `created_at` timestamp NULL DEFAULT NULL,
  `updated_at` timestamp NULL DEFAULT NULL,
  `deleted_at` timestamp NULL DEFAULT NULL,
  PRIMARY KEY (`id`)
) ENGINE=InnoDB AUTO_INCREMENT=3 DEFAULT CHARSET=utf8mb4 COLLATE=utf8mb4_unicode_ci;

-- Dumping data for table db_icsa.promotions: ~2 rows (approximately)
DELETE FROM `promotions`;
INSERT INTO `promotions` (`id`, `title`, `image`, `description`, `status`, `created_by`, `updated_by`, `created_at`, `updated_at`, `deleted_at`) VALUES
	(1, 'Tes Promo', 13, '<p>sjn lscn ls lks lskn lsn ls&nbsp;</p>', 1, 1, 1, '2021-12-28 11:32:12', '2021-12-28 11:42:15', NULL),
	(2, 'slbjslbjsl jsli js', 14, '<p>sfsbsf sf sf sf sf&nbsp;</p>', 1, 1, NULL, '2021-12-28 11:43:55', '2021-12-28 11:52:48', '2021-12-28 11:52:48');

-- Dumping structure for table db_icsa.regions
CREATE TABLE IF NOT EXISTS `regions` (
  `id` bigint(20) unsigned NOT NULL AUTO_INCREMENT,
  `id_parent` bigint(20) DEFAULT NULL,
  `code` varchar(13) COLLATE utf8mb4_unicode_ci NOT NULL,
  `name` varchar(100) COLLATE utf8mb4_unicode_ci DEFAULT NULL,
  `flag` tinyint(4) NOT NULL,
  `created_at` timestamp NULL DEFAULT NULL,
  `updated_at` timestamp NULL DEFAULT NULL,
  PRIMARY KEY (`id`)
) ENGINE=InnoDB DEFAULT CHARSET=utf8mb4 COLLATE=utf8mb4_unicode_ci;

-- Dumping data for table db_icsa.regions: ~0 rows (approximately)
DELETE FROM `regions`;

-- Dumping structure for table db_icsa.transactions
CREATE TABLE IF NOT EXISTS `transactions` (
  `id` bigint(20) unsigned NOT NULL AUTO_INCREMENT,
  `id_user` bigint(20) NOT NULL,
  `id_item` bigint(20) DEFAULT NULL,
  `title` varchar(75) COLLATE utf8mb4_unicode_ci DEFAULT NULL,
  `receipt_number` varchar(255) COLLATE utf8mb4_unicode_ci DEFAULT NULL,
  `invoice_number` varchar(255) COLLATE utf8mb4_unicode_ci DEFAULT NULL,
  `payment_type` tinyint(4) DEFAULT NULL COMMENT '1:transfer; 2:online',
  `payment_method` bigint(20) DEFAULT NULL,
  `payment_bank` bigint(20) DEFAULT NULL,
  `payment_code` varchar(75) COLLATE utf8mb4_unicode_ci DEFAULT NULL,
  `payment_date` timestamp NULL DEFAULT NULL,
  `payment_expired_date` timestamp NULL DEFAULT NULL,
  `subtotal` double NOT NULL DEFAULT 0,
  `tax` double NOT NULL DEFAULT 0,
  `discount` double NOT NULL DEFAULT 0,
  `fee_admin` double NOT NULL DEFAULT 0,
  `fee_transaction` double NOT NULL DEFAULT 0,
  `total` double NOT NULL DEFAULT 0,
  `midtrans_id` varchar(50) COLLATE utf8mb4_unicode_ci DEFAULT NULL,
  `flag` tinyint(4) NOT NULL COMMENT '1: membership; 2: items',
  `payment_proof` bigint(20) DEFAULT NULL,
  `proof_amount` double DEFAULT NULL,
  `proof_date` timestamp NULL DEFAULT NULL,
  `note` text COLLATE utf8mb4_unicode_ci DEFAULT NULL,
  `status` tinyint(4) DEFAULT NULL COMMENT 'null: Belum Dikirim, 0: Belum Dibayar, 1: Sudah Dibaya, 2: Pending, 3: Failed, 4: Expired, 5: Refund',
  `created_by` bigint(20) NOT NULL,
  `updated_by` bigint(20) DEFAULT NULL,
  `created_at` timestamp NULL DEFAULT NULL,
  `updated_at` timestamp NULL DEFAULT NULL,
  `deleted_at` timestamp NULL DEFAULT NULL,
  PRIMARY KEY (`id`)
) ENGINE=InnoDB DEFAULT CHARSET=utf8mb4 COLLATE=utf8mb4_unicode_ci;

-- Dumping data for table db_icsa.transactions: ~0 rows (approximately)
DELETE FROM `transactions`;

-- Dumping structure for table db_icsa.transaction_details
CREATE TABLE IF NOT EXISTS `transaction_details` (
  `id` bigint(20) unsigned NOT NULL AUTO_INCREMENT,
  `id_transaction` bigint(20) NOT NULL,
  `descr` varchar(200) COLLATE utf8mb4_unicode_ci NOT NULL,
  `flag` tinyint(4) NOT NULL DEFAULT 1 COMMENT '1:biaya',
  `price` double NOT NULL DEFAULT 0,
  `qty` int(11) NOT NULL DEFAULT 0,
  `subtotal` double NOT NULL DEFAULT 0,
  `discount` double NOT NULL DEFAULT 0,
  `tax` double NOT NULL DEFAULT 0,
  `total_discount` double NOT NULL DEFAULT 0,
  `total_tax` double NOT NULL DEFAULT 0,
  `total` double NOT NULL DEFAULT 0,
  `created_by` bigint(20) NOT NULL,
  `updated_by` bigint(20) DEFAULT NULL,
  `created_at` timestamp NULL DEFAULT NULL,
  `updated_at` timestamp NULL DEFAULT NULL,
  `deleted_at` timestamp NULL DEFAULT NULL,
  PRIMARY KEY (`id`)
) ENGINE=InnoDB DEFAULT CHARSET=utf8mb4 COLLATE=utf8mb4_unicode_ci;

-- Dumping data for table db_icsa.transaction_details: ~0 rows (approximately)
DELETE FROM `transaction_details`;

-- Dumping structure for table db_icsa.zoom_oauths
CREATE TABLE IF NOT EXISTS `zoom_oauths` (
  `id` bigint(20) unsigned NOT NULL AUTO_INCREMENT,
  `provider` varchar(255) COLLATE utf8mb4_unicode_ci NOT NULL,
  `provider_value` text COLLATE utf8mb4_unicode_ci NOT NULL,
  `status` tinyint(4) NOT NULL DEFAULT 1 COMMENT '0:non active; 1: active;',
  `created_by` bigint(20) NOT NULL,
  `created_at` timestamp NULL DEFAULT NULL,
  `updated_at` timestamp NULL DEFAULT NULL,
  `deleted_at` timestamp NULL DEFAULT NULL,
  PRIMARY KEY (`id`)
) ENGINE=InnoDB DEFAULT CHARSET=utf8mb4 COLLATE=utf8mb4_unicode_ci;

-- Dumping data for table db_icsa.zoom_oauths: ~0 rows (approximately)
DELETE FROM `zoom_oauths`;

